{"id":6598,"date":"2025-11-13T15:55:04","date_gmt":"2025-11-13T14:55:04","guid":{"rendered":"https:\/\/kv-wadelheim.de\/?post_type=tribe_events&#038;p=6598"},"modified":"2025-12-17T12:41:27","modified_gmt":"2025-12-17T11:41:27","slug":"prinzenproklamation-2026","status":"publish","type":"tribe_events","link":"https:\/\/kv-wadelheim.de\/?tribe_events=prinzenproklamation-2026","title":{"rendered":"Prinzenproklamation 2026"},"content":{"rendered":"<p><img fetchpriority=\"high\" decoding=\"async\" src=\"https:\/\/kv-wadelheim.de\/wp-content\/uploads\/2025\/12\/Plakat-Proklamation-2026-300x300.jpg\" alt=\"\" width=\"300\" height=\"300\" class=\"alignnone size-medium wp-image-6734\" srcset=\"https:\/\/kv-wadelheim.de\/wp-content\/uploads\/2025\/12\/Plakat-Proklamation-2026-300x300.jpg 300w, https:\/\/kv-wadelheim.de\/wp-content\/uploads\/2025\/12\/Plakat-Proklamation-2026-1024x1024.jpg 1024w, https:\/\/kv-wadelheim.de\/wp-content\/uploads\/2025\/12\/Plakat-Proklamation-2026-150x150.jpg 150w, https:\/\/kv-wadelheim.de\/wp-content\/uploads\/2025\/12\/Plakat-Proklamation-2026-768x768.jpg 768w, https:\/\/kv-wadelheim.de\/wp-content\/uploads\/2025\/12\/Plakat-Proklamation-2026-90x90.jpg 90w, https:\/\/kv-wadelheim.de\/wp-content\/uploads\/2025\/12\/Plakat-Proklamation-2026-75x75.jpg 75w, https:\/\/kv-wadelheim.de\/wp-content\/uploads\/2025\/12\/Plakat-Proklamation-2026.jpg 1080w\" sizes=\"(max-width: 300px) 100vw, 300px\" \/><\/p>\n<p>Am Samstag, 10. Januar 2026 feiern wir um 20:11 Uhr unsere diesj\u00e4hrige Prinzenproklamation. Als Highlight des Abends sind wir gespannt, welches neue Prinzenpaar die Wadelheimer Narren in der Session 2025\/26 regieren wird.<\/p>\n<p>An dem Abend erwartet Sie ein abwechslungsreiches Programm aus B\u00fctt, Tanz und Musik. Im Anschluss an dem Programm laden wir zur Karnevalsparty mit dem DJ Team Querbeats ein.<\/p>\n<p>Die Eintrittskarten kosten im Vorverkauf f\u00fcr<br \/>\n<strong>Vereinsmitglieder 15,00 Euro <\/strong><br \/>\n<strong> Nichtmitglieder 17,00 Euro<\/strong><br \/>\n<strong> Abendkasse 20,00 Euro<\/strong><br \/>\nund k\u00f6nnen bei unseren Kassierern erworben werden:<\/p>\n<p><em>Heiner Kortkamp &#8211; Tel. 05971 963805 (ab 19:00 Uhr), kassierer@kv-wadelheim.de<\/em><br \/>\n<em>Manuela Grottendieck &#8211; Tel. 05971 912923 (ab 19:00 Uhr)<\/em><\/p>\n<p>&nbsp;<\/p>\n<p>Bereits erworbene Karten k\u00f6nnen nicht zur\u00fcckgenommen werden. Platzw\u00fcnsche werden versucht, bis 31.12.2025 zu ber\u00fccksichtigen.<\/p>\n","protected":false},"excerpt":{"rendered":"<p>Am Samstag, 10. Januar 2026 feiern wir um 20:11 Uhr unsere diesj\u00e4hrige Prinzenproklamation. Als Highlight des Abends sind wir gespannt, welches neue Prinzenpaar die Wadelheimer Narren in der Session 2025\/26 regieren wird. An dem Abend erwartet Sie ein abwechslungsreiches Programm aus B\u00fctt, Tanz und Musik. Im Anschluss an dem Programm laden wir zur Karnevalsparty mit dem DJ Team Querbeats ein.<\/p>\n","protected":false},"author":1,"featured_media":0,"template":"","meta":{"ngg_post_thumbnail":0,"_tribe_events_status":"","_tribe_events_status_reason":"","footnotes":""},"tags":[],"tribe_events_cat":[9],"class_list":["post-6598","tribe_events","type-tribe_events","status-publish","hentry","tribe_events_cat-veranstaltungen","cat_veranstaltungen"],"_links":{"self":[{"href":"https:\/\/kv-wadelheim.de\/index.php?rest_route=\/wp\/v2\/tribe_events\/6598","targetHints":{"allow":["GET"]}}],"collection":[{"href":"https:\/\/kv-wadelheim.de\/index.php?rest_route=\/wp\/v2\/tribe_events"}],"about":[{"href":"https:\/\/kv-wadelheim.de\/index.php?rest_route=\/wp\/v2\/types\/tribe_events"}],"author":[{"embeddable":true,"href":"https:\/\/kv-wadelheim.de\/index.php?rest_route=\/wp\/v2\/users\/1"}],"version-history":[{"count":2,"href":"https:\/\/kv-wadelheim.de\/index.php?rest_route=\/wp\/v2\/tribe_events\/6598\/revisions"}],"predecessor-version":[{"id":6736,"href":"https:\/\/kv-wadelheim.de\/index.php?rest_route=\/wp\/v2\/tribe_events\/6598\/revisions\/6736"}],"wp:attachment":[{"href":"https:\/\/kv-wadelheim.de\/index.php?rest_route=%2Fwp%2Fv2%2Fmedia&parent=6598"}],"wp:term":[{"taxonomy":"post_tag","embeddable":true,"href":"https:\/\/kv-wadelheim.de\/index.php?rest_route=%2Fwp%2Fv2%2Ftags&post=6598"},{"taxonomy":"tribe_events_cat","embeddable":true,"href":"https:\/\/kv-wadelheim.de\/index.php?rest_route=%2Fwp%2Fv2%2Ftribe_events_cat&post=6598"}],"curies":[{"name":"wp","href":"https:\/\/api.w.org\/{rel}","templated":true}]}}

<p><img fetchpriority="high" decoding="async" src="https://kv-wadelheim.de/wp-content/uploads/2025/12/Plakat-Proklamation-2026-300x300.jpg" alt="" width="300" height="300" class="alignnone size-medium wp-image-6734" srcset="https://kv-wadelheim.de/wp-content/uploads/2025/12/Plakat-Proklamation-2026-300x300.jpg 300w, https://kv-wadelheim.de/wp-content/uploads/2025/12/Plakat-Proklamation-2026-1024x1024.jpg 1024w, https://kv-wadelheim.de/wp-content/uploads/2025/12/Plakat-Proklamation-2026-150x150.jpg 150w, https://kv-wadelheim.de/wp-content/uploads/2025/12/Plakat-Proklamation-2026-768x768.jpg 768w, https://kv-wadelheim.de/wp-content/uploads/2025/12/Plakat-Proklamation-2026-90x90.jpg 90w, https://kv-wadelheim.de/wp-content/uploads/2025/12/Plakat-Proklamation-2026-75x75.jpg 75w, https://kv-wadelheim.de/wp-content/uploads/2025/12/Plakat-Proklamation-2026.jpg 1080w" sizes="(max-width: 300px) 100vw, 300px" /></p>
<p>Am Samstag, 10. Januar 2026 feiern wir um 20:11 Uhr unsere diesjährige Prinzenproklamation. Als Highlight des Abends sind wir gespannt, welches neue Prinzenpaar die Wadelheimer Narren in der Session 2025/26 regieren wird.</p>
<p>An dem Abend erwartet Sie ein abwechslungsreiches Programm aus Bütt, Tanz und Musik. Im Anschluss an dem Programm laden wir zur Karnevalsparty mit dem DJ Team Querbeats ein.</p>
<p>Die Eintrittskarten kosten im Vorverkauf für<br />
<strong>Vereinsmitglieder 15,00 Euro </strong><br />
<strong> Nichtmitglieder 17,00 Euro</strong><br />
<strong> Abendkasse 20,00 Euro</strong><br />
und können bei unseren Kassierern erworben werden:</p>
<p><em>Heiner Kortkamp &#8211; Tel. 05971 963805 (ab 19:00 Uhr), kassierer@kv-wadelheim.de</em><br />
<em>Manuela Grottendieck &#8211; Tel. 05971 912923 (ab 19:00 Uhr)</em></p>
<p>&nbsp;</p>
<p>Bereits erworbene Karten können nicht zurückgenommen werden. Platzwünsche werden versucht, bis 31.12.2025 zu berücksichtigen.</p>

<p>Am Samstag, 10. Januar 2026 feiern wir um 20:11 Uhr unsere diesjährige Prinzenproklamation. Als Highlight des Abends sind wir gespannt, welches neue Prinzenpaar die Wadelheimer Narren in der Session 2025/26 regieren wird. An dem Abend erwartet Sie ein abwechslungsreiches Programm aus Bütt, Tanz und Musik. Im Anschluss an dem Programm laden wir zur Karnevalsparty mit dem DJ Team Querbeats ein.</p>
