{"id":5320,"date":"2024-12-02T11:45:11","date_gmt":"2024-12-02T10:45:11","guid":{"rendered":"https:\/\/kv-wadelheim.de\/?post_type=tribe_events&#038;p=5320"},"modified":"2025-11-13T15:59:17","modified_gmt":"2025-11-13T14:59:17","slug":"55-jaehriger-kommers-mit-jubilaeumsparty","status":"publish","type":"tribe_events","link":"https:\/\/kv-wadelheim.de\/?tribe_events=55-jaehriger-kommers-mit-jubilaeumsparty","title":{"rendered":"55-j\u00e4hriger Kommers mit Jubil\u00e4umsparty"},"content":{"rendered":"<p>Liebe Mitglieder des KVW,<\/p>\n<p>der Karnevals-Verein Wadelheim kann in diesem Jahr auf sein 55-j\u00e4hriges Bestehen zur\u00fcckblicken. Dieses Jubil\u00e4um m\u00f6chten wir gemeinsam feiern und laden Sie mit Partner\/in zum<\/p>\n<p><strong>Kommers mit anschlie\u00dfender Jubil\u00e4umsparty am<br \/>\nSamstag, 8. November 2025, um 19:11 Uhr,<\/strong><\/p>\n<p>in das Wadelheimer Landhaus, Wadelheimer Chaussee 163, 48432 Rheine (Einlass ab 18:00 Uhr) recht herzlich ein. Festliche Kleidung oder Ornat ist erw\u00fcnscht.<\/p>\n<p>Da Vereinsmitglieder ein Vorrang zur Anmeldung haben, ist eine verbindliche R\u00fcckmeldung <strong>bis zum 05.10.2025 <\/strong>erforderlich. Danach kann nicht gew\u00e4hrleistet werden, ob noch Pl\u00e4tze f\u00fcr die Veranstaltung frei sind. <\/p>\n<p>Anmelden k\u00f6nnen Sie sich bei<br \/>\nKassierer Heiner Kortkamp, Tel. 05971 963805 (ab 19:00 Uhr)<br \/>\n2. Kassiererin Manuela Grottendieck, Tel. 05971 912923 (ab 19:00 Uhr)<br \/>\noder per E-Mail an kassierer@kv-wadelheim.<\/p>\n<p><img fetchpriority=\"high\" decoding=\"async\" src=\"https:\/\/kv-wadelheim.de\/wp-content\/uploads\/2024\/12\/Save-The-Date-Jubilaeum-212x300.png\" alt=\"\" width=\"212\" height=\"300\" class=\"alignnone size-medium wp-image-5319\" srcset=\"https:\/\/kv-wadelheim.de\/wp-content\/uploads\/2024\/12\/Save-The-Date-Jubilaeum-212x300.png 212w, https:\/\/kv-wadelheim.de\/wp-content\/uploads\/2024\/12\/Save-The-Date-Jubilaeum-724x1024.png 724w, https:\/\/kv-wadelheim.de\/wp-content\/uploads\/2024\/12\/Save-The-Date-Jubilaeum-768x1086.png 768w, https:\/\/kv-wadelheim.de\/wp-content\/uploads\/2024\/12\/Save-The-Date-Jubilaeum-1086x1536.png 1086w, https:\/\/kv-wadelheim.de\/wp-content\/uploads\/2024\/12\/Save-The-Date-Jubilaeum-1448x2048.png 1448w, https:\/\/kv-wadelheim.de\/wp-content\/uploads\/2024\/12\/Save-The-Date-Jubilaeum.png 1587w\" sizes=\"(max-width: 212px) 100vw, 212px\" \/><\/p>\n","protected":false},"excerpt":{"rendered":"<p>Liebe Mitglieder des KVW, der Karnevals-Verein Wadelheim kann in diesem Jahr auf sein 55-j\u00e4hriges Bestehen zur\u00fcckblicken. Dieses Jubil\u00e4um m\u00f6chten wir gemeinsam feiern und laden Sie mit Partner\/in zum Kommers mit anschlie\u00dfender Jubil\u00e4umsparty am Samstag, 8. November 2025, um 19:11 Uhr, in das Wadelheimer Landhaus, Wadelheimer Chaussee 163, 48432 Rheine (Einlass ab 18:00 Uhr) recht herzlich ein. Festliche Kleidung oder Ornat<\/p>\n","protected":false},"author":1,"featured_media":0,"template":"","meta":{"ngg_post_thumbnail":0,"_tribe_events_status":"","_tribe_events_status_reason":"","footnotes":""},"tags":[],"tribe_events_cat":[9],"class_list":["post-5320","tribe_events","type-tribe_events","status-publish","hentry","tribe_events_cat-veranstaltungen","cat_veranstaltungen"],"_links":{"self":[{"href":"https:\/\/kv-wadelheim.de\/index.php?rest_route=\/wp\/v2\/tribe_events\/5320","targetHints":{"allow":["GET"]}}],"collection":[{"href":"https:\/\/kv-wadelheim.de\/index.php?rest_route=\/wp\/v2\/tribe_events"}],"about":[{"href":"https:\/\/kv-wadelheim.de\/index.php?rest_route=\/wp\/v2\/types\/tribe_events"}],"author":[{"embeddable":true,"href":"https:\/\/kv-wadelheim.de\/index.php?rest_route=\/wp\/v2\/users\/1"}],"version-history":[{"count":4,"href":"https:\/\/kv-wadelheim.de\/index.php?rest_route=\/wp\/v2\/tribe_events\/5320\/revisions"}],"predecessor-version":[{"id":6587,"href":"https:\/\/kv-wadelheim.de\/index.php?rest_route=\/wp\/v2\/tribe_events\/5320\/revisions\/6587"}],"wp:attachment":[{"href":"https:\/\/kv-wadelheim.de\/index.php?rest_route=%2Fwp%2Fv2%2Fmedia&parent=5320"}],"wp:term":[{"taxonomy":"post_tag","embeddable":true,"href":"https:\/\/kv-wadelheim.de\/index.php?rest_route=%2Fwp%2Fv2%2Ftags&post=5320"},{"taxonomy":"tribe_events_cat","embeddable":true,"href":"https:\/\/kv-wadelheim.de\/index.php?rest_route=%2Fwp%2Fv2%2Ftribe_events_cat&post=5320"}],"curies":[{"name":"wp","href":"https:\/\/api.w.org\/{rel}","templated":true}]}}

55-jähriger Kommers mit Jubiläumsparty

<p>Liebe Mitglieder des KVW,</p>
<p>der Karnevals-Verein Wadelheim kann in diesem Jahr auf sein 55-jähriges Bestehen zurückblicken. Dieses Jubiläum möchten wir gemeinsam feiern und laden Sie mit Partner/in zum</p>
<p><strong>Kommers mit anschließender Jubiläumsparty am<br />
Samstag, 8. November 2025, um 19:11 Uhr,</strong></p>
<p>in das Wadelheimer Landhaus, Wadelheimer Chaussee 163, 48432 Rheine (Einlass ab 18:00 Uhr) recht herzlich ein. Festliche Kleidung oder Ornat ist erwünscht.</p>
<p>Da Vereinsmitglieder ein Vorrang zur Anmeldung haben, ist eine verbindliche Rückmeldung <strong>bis zum 05.10.2025 </strong>erforderlich. Danach kann nicht gewährleistet werden, ob noch Plätze für die Veranstaltung frei sind. </p>
<p>Anmelden können Sie sich bei<br />
Kassierer Heiner Kortkamp, Tel. 05971 963805 (ab 19:00 Uhr)<br />
2. Kassiererin Manuela Grottendieck, Tel. 05971 912923 (ab 19:00 Uhr)<br />
oder per E-Mail an kassierer@kv-wadelheim.</p>
<p><img fetchpriority="high" decoding="async" src="https://kv-wadelheim.de/wp-content/uploads/2024/12/Save-The-Date-Jubilaeum-212x300.png" alt="" width="212" height="300" class="alignnone size-medium wp-image-5319" srcset="https://kv-wadelheim.de/wp-content/uploads/2024/12/Save-The-Date-Jubilaeum-212x300.png 212w, https://kv-wadelheim.de/wp-content/uploads/2024/12/Save-The-Date-Jubilaeum-724x1024.png 724w, https://kv-wadelheim.de/wp-content/uploads/2024/12/Save-The-Date-Jubilaeum-768x1086.png 768w, https://kv-wadelheim.de/wp-content/uploads/2024/12/Save-The-Date-Jubilaeum-1086x1536.png 1086w, https://kv-wadelheim.de/wp-content/uploads/2024/12/Save-The-Date-Jubilaeum-1448x2048.png 1448w, https://kv-wadelheim.de/wp-content/uploads/2024/12/Save-The-Date-Jubilaeum.png 1587w" sizes="(max-width: 212px) 100vw, 212px" /></p>

<p>Liebe Mitglieder des KVW, der Karnevals-Verein Wadelheim kann in diesem Jahr auf sein 55-jähriges Bestehen zurückblicken. Dieses Jubiläum möchten wir gemeinsam feiern und laden Sie mit Partner/in zum Kommers mit anschließender Jubiläumsparty am Samstag, 8. November 2025, um 19:11 Uhr, in das Wadelheimer Landhaus, Wadelheimer Chaussee 163, 48432 Rheine (Einlass ab 18:00 Uhr) recht herzlich ein. Festliche Kleidung oder Ornat</p>
