{"id":5312,"date":"2024-12-02T11:34:47","date_gmt":"2024-12-02T10:34:47","guid":{"rendered":"https:\/\/kv-wadelheim.de\/?post_type=tribe_events&#038;p=5312"},"modified":"2025-11-13T16:00:04","modified_gmt":"2025-11-13T15:00:04","slug":"rosenmontagsumzug-2025","status":"publish","type":"tribe_events","link":"https:\/\/kv-wadelheim.de\/?tribe_events=rosenmontagsumzug-2025","title":{"rendered":"Rosenmontagsumzug 2025"},"content":{"rendered":"<p>Der Rosenmontagsumzug in Rheine startet um 14:11 Uhr am Elisabeth-Kirmesplatz und f\u00fchrt \u00fcber die Sprickmannstra\u00dfe, Neuenkirchener Stra\u00dfe, Kardinal-Galen-Ring, durch die Innenstadt und \u00fcber die Osnabr\u00fccker Stra\u00dfe bis zum Osnabr\u00fccker-Kirmesplatz.<\/p>\n","protected":false},"excerpt":{"rendered":"<p>Der Rosenmontagsumzug in Rheine startet um 14:11 Uhr am Elisabeth-Kirmesplatz und f\u00fchrt \u00fcber die Sprickmannstra\u00dfe, Neuenkirchener Stra\u00dfe, Kardinal-Galen-Ring, durch die Innenstadt und \u00fcber die Osnabr\u00fccker Stra\u00dfe bis zum Osnabr\u00fccker-Kirmesplatz.<\/p>\n","protected":false},"author":1,"featured_media":0,"template":"","meta":{"ngg_post_thumbnail":0,"_tribe_events_status":"","_tribe_events_status_reason":"","footnotes":""},"tags":[],"tribe_events_cat":[9],"class_list":["post-5312","tribe_events","type-tribe_events","status-publish","hentry","tribe_events_cat-veranstaltungen","cat_veranstaltungen"],"_links":{"self":[{"href":"https:\/\/kv-wadelheim.de\/index.php?rest_route=\/wp\/v2\/tribe_events\/5312","targetHints":{"allow":["GET"]}}],"collection":[{"href":"https:\/\/kv-wadelheim.de\/index.php?rest_route=\/wp\/v2\/tribe_events"}],"about":[{"href":"https:\/\/kv-wadelheim.de\/index.php?rest_route=\/wp\/v2\/types\/tribe_events"}],"author":[{"embeddable":true,"href":"https:\/\/kv-wadelheim.de\/index.php?rest_route=\/wp\/v2\/users\/1"}],"version-history":[{"count":1,"href":"https:\/\/kv-wadelheim.de\/index.php?rest_route=\/wp\/v2\/tribe_events\/5312\/revisions"}],"predecessor-version":[{"id":5313,"href":"https:\/\/kv-wadelheim.de\/index.php?rest_route=\/wp\/v2\/tribe_events\/5312\/revisions\/5313"}],"wp:attachment":[{"href":"https:\/\/kv-wadelheim.de\/index.php?rest_route=%2Fwp%2Fv2%2Fmedia&parent=5312"}],"wp:term":[{"taxonomy":"post_tag","embeddable":true,"href":"https:\/\/kv-wadelheim.de\/index.php?rest_route=%2Fwp%2Fv2%2Ftags&post=5312"},{"taxonomy":"tribe_events_cat","embeddable":true,"href":"https:\/\/kv-wadelheim.de\/index.php?rest_route=%2Fwp%2Fv2%2Ftribe_events_cat&post=5312"}],"curies":[{"name":"wp","href":"https:\/\/api.w.org\/{rel}","templated":true}]}}

<p>Der Rosenmontagsumzug in Rheine startet um 14:11 Uhr am Elisabeth-Kirmesplatz und führt über die Sprickmannstraße, Neuenkirchener Straße, Kardinal-Galen-Ring, durch die Innenstadt und über die Osnabrücker Straße bis zum Osnabrücker-Kirmesplatz.</p>
