{"id":5307,"date":"2024-12-02T11:25:40","date_gmt":"2024-12-02T10:25:40","guid":{"rendered":"https:\/\/kv-wadelheim.de\/?post_type=tribe_events&#038;p=5307"},"modified":"2025-11-13T16:01:44","modified_gmt":"2025-11-13T15:01:44","slug":"kinderkarneval-2025","status":"publish","type":"tribe_events","link":"https:\/\/kv-wadelheim.de\/?tribe_events=kinderkarneval-2025","title":{"rendered":"Kinderkarneval 2025"},"content":{"rendered":"<p>An diesem Nachmittag feiern wir mit den kleinen N\u00e4rrinnen und Narren unseren Karneval. Mit Spannung warten wir darauf, welches neue Kinderprinzenpaar die Wadelheimer Kinder regieren wird? Beim Kinderkarneval wollen wir den Kindern etwas an unseren Brauchtum heranf\u00fchren. Dabei d\u00fcrfen karnevalistische T\u00e4nze, ein Clown oder Zauberer aber auch Programmpunkte zum Mitmachen nicht fehlen.<\/p>\n<p><strong>Der Eintritt zu der Veranstaltung ist kostenlos.<\/strong> Angemeldete Kinder k\u00f6nnen f\u00fcr <strong>5 Euro eine \u00dcberraschungst\u00fcte<\/strong> erwerben. In diesem Fall ist vorher eine telefonisch Anmeldung unter 05971 912923 oder online \u00fcber <a href=\"http:\/\/tickets.kv-wadelheim.de\">tickets.kv-wadelheim.de<\/a> notwendig. F\u00fcr die Eltern ist an diesem Nachmittag f\u00fcr Kaffee und Kuchen gesorgt.<\/p>\n<p>Der Einlass beginnt um 15:00 Uhr!<\/p>\n","protected":false},"excerpt":{"rendered":"<p>An diesem Nachmittag feiern wir mit den kleinen N\u00e4rrinnen und Narren unseren Karneval. Mit Spannung warten wir darauf, welches neue Kinderprinzenpaar die Wadelheimer Kinder regieren wird? Beim Kinderkarneval wollen wir den Kindern etwas an unseren Brauchtum heranf\u00fchren. Dabei d\u00fcrfen karnevalistische T\u00e4nze, ein Clown oder Zauberer aber auch Programmpunkte zum Mitmachen nicht fehlen. Der Eintritt zu der Veranstaltung ist kostenlos. Angemeldete<\/p>\n","protected":false},"author":1,"featured_media":0,"template":"","meta":{"ngg_post_thumbnail":0,"_tribe_events_status":"","_tribe_events_status_reason":"","footnotes":""},"tags":[],"tribe_events_cat":[9],"class_list":["post-5307","tribe_events","type-tribe_events","status-publish","hentry","tribe_events_cat-veranstaltungen","cat_veranstaltungen"],"_links":{"self":[{"href":"https:\/\/kv-wadelheim.de\/index.php?rest_route=\/wp\/v2\/tribe_events\/5307","targetHints":{"allow":["GET"]}}],"collection":[{"href":"https:\/\/kv-wadelheim.de\/index.php?rest_route=\/wp\/v2\/tribe_events"}],"about":[{"href":"https:\/\/kv-wadelheim.de\/index.php?rest_route=\/wp\/v2\/types\/tribe_events"}],"author":[{"embeddable":true,"href":"https:\/\/kv-wadelheim.de\/index.php?rest_route=\/wp\/v2\/users\/1"}],"version-history":[{"count":1,"href":"https:\/\/kv-wadelheim.de\/index.php?rest_route=\/wp\/v2\/tribe_events\/5307\/revisions"}],"predecessor-version":[{"id":5308,"href":"https:\/\/kv-wadelheim.de\/index.php?rest_route=\/wp\/v2\/tribe_events\/5307\/revisions\/5308"}],"wp:attachment":[{"href":"https:\/\/kv-wadelheim.de\/index.php?rest_route=%2Fwp%2Fv2%2Fmedia&parent=5307"}],"wp:term":[{"taxonomy":"post_tag","embeddable":true,"href":"https:\/\/kv-wadelheim.de\/index.php?rest_route=%2Fwp%2Fv2%2Ftags&post=5307"},{"taxonomy":"tribe_events_cat","embeddable":true,"href":"https:\/\/kv-wadelheim.de\/index.php?rest_route=%2Fwp%2Fv2%2Ftribe_events_cat&post=5307"}],"curies":[{"name":"wp","href":"https:\/\/api.w.org\/{rel}","templated":true}]}}

<p>An diesem Nachmittag feiern wir mit den kleinen Närrinnen und Narren unseren Karneval. Mit Spannung warten wir darauf, welches neue Kinderprinzenpaar die Wadelheimer Kinder regieren wird? Beim Kinderkarneval wollen wir den Kindern etwas an unseren Brauchtum heranführen. Dabei dürfen karnevalistische Tänze, ein Clown oder Zauberer aber auch Programmpunkte zum Mitmachen nicht fehlen.</p>
<p><strong>Der Eintritt zu der Veranstaltung ist kostenlos.</strong> Angemeldete Kinder können für <strong>5 Euro eine Überraschungstüte</strong> erwerben. In diesem Fall ist vorher eine telefonisch Anmeldung unter 05971 912923 oder online über <a href="http://tickets.kv-wadelheim.de">tickets.kv-wadelheim.de</a> notwendig. Für die Eltern ist an diesem Nachmittag für Kaffee und Kuchen gesorgt.</p>
<p>Der Einlass beginnt um 15:00 Uhr!</p>

<p>An diesem Nachmittag feiern wir mit den kleinen Närrinnen und Narren unseren Karneval. Mit Spannung warten wir darauf, welches neue Kinderprinzenpaar die Wadelheimer Kinder regieren wird? Beim Kinderkarneval wollen wir den Kindern etwas an unseren Brauchtum heranführen. Dabei dürfen karnevalistische Tänze, ein Clown oder Zauberer aber auch Programmpunkte zum Mitmachen nicht fehlen. Der Eintritt zu der Veranstaltung ist kostenlos. Angemeldete</p>
