{"id":5303,"date":"2024-12-02T11:22:33","date_gmt":"2024-12-02T10:22:33","guid":{"rendered":"https:\/\/kv-wadelheim.de\/?post_type=tribe_events&#038;p=5303"},"modified":"2025-11-13T16:02:40","modified_gmt":"2025-11-13T15:02:40","slug":"prinzenproklamation-2025","status":"publish","type":"tribe_events","link":"https:\/\/kv-wadelheim.de\/?tribe_events=prinzenproklamation-2025","title":{"rendered":"Prinzenproklamation 2025"},"content":{"rendered":"<p>Am Samstag, 11. Januar 2025 feiern wir um 20:11 Uhr unsere diesj\u00e4hrige Prinzenproklamation. Als Highlight des Abends sind wir gespannt, welches neue Prinzenpaar die Wadelheimer Narren in der Session 2024\/25 regieren wird.<\/p>\n<p>An dem Abend erwartet Sie ein abwechslungsreiches Programm aus B\u00fctt, Tanz und Musik. Im Anschluss an dem Programm laden wir zur Karnevalsparty mit dem DJ Team Querbeats ein.<\/p>\n<p>Die Eintrittskarten kosten im Vorverkauf f\u00fcr<br \/>\n<strong>Vereinsmitglieder 15,00 Euro <\/strong><br \/>\n<strong> Nichtmitglieder 17,00 Euro<\/strong><br \/>\n<strong> Abendkasse 20,00 Euro<\/strong><br \/>\nund k\u00f6nnen bei unseren Kassierern erworben werden:<\/p>\n<p><em>Heiner Kortkamp &#8211; Tel. 05971 963805 (ab 19:00 Uhr), kassierer@kv-wadelheim.de<\/em><br \/>\n<em>Manuela Grottendieck &#8211; Tel. 05971 912923 (ab 19:00 Uhr)<\/em><\/p>\n<p>&nbsp;<\/p>\n<p>Bereits erworbene Karten k\u00f6nnen nicht zur\u00fcckgenommen werden. Platzw\u00fcnsche werden versucht, bis 31.12.2024 zu ber\u00fccksichtigen.<\/p>\n","protected":false},"excerpt":{"rendered":"<p>Am Samstag, 11. Januar 2025 feiern wir um 20:11 Uhr unsere diesj\u00e4hrige Prinzenproklamation. Als Highlight des Abends sind wir gespannt, welches neue Prinzenpaar die Wadelheimer Narren in der Session 2024\/25 regieren wird. An dem Abend erwartet Sie ein abwechslungsreiches Programm aus B\u00fctt, Tanz und Musik. Im Anschluss an dem Programm laden wir zur Karnevalsparty mit dem DJ Team Querbeats ein.<\/p>\n","protected":false},"author":1,"featured_media":0,"template":"","meta":{"ngg_post_thumbnail":0,"_tribe_events_status":"","_tribe_events_status_reason":"","footnotes":""},"tags":[],"tribe_events_cat":[9],"class_list":["post-5303","tribe_events","type-tribe_events","status-publish","hentry","tribe_events_cat-veranstaltungen","cat_veranstaltungen"],"_links":{"self":[{"href":"https:\/\/kv-wadelheim.de\/index.php?rest_route=\/wp\/v2\/tribe_events\/5303","targetHints":{"allow":["GET"]}}],"collection":[{"href":"https:\/\/kv-wadelheim.de\/index.php?rest_route=\/wp\/v2\/tribe_events"}],"about":[{"href":"https:\/\/kv-wadelheim.de\/index.php?rest_route=\/wp\/v2\/types\/tribe_events"}],"author":[{"embeddable":true,"href":"https:\/\/kv-wadelheim.de\/index.php?rest_route=\/wp\/v2\/users\/1"}],"version-history":[{"count":1,"href":"https:\/\/kv-wadelheim.de\/index.php?rest_route=\/wp\/v2\/tribe_events\/5303\/revisions"}],"predecessor-version":[{"id":5304,"href":"https:\/\/kv-wadelheim.de\/index.php?rest_route=\/wp\/v2\/tribe_events\/5303\/revisions\/5304"}],"wp:attachment":[{"href":"https:\/\/kv-wadelheim.de\/index.php?rest_route=%2Fwp%2Fv2%2Fmedia&parent=5303"}],"wp:term":[{"taxonomy":"post_tag","embeddable":true,"href":"https:\/\/kv-wadelheim.de\/index.php?rest_route=%2Fwp%2Fv2%2Ftags&post=5303"},{"taxonomy":"tribe_events_cat","embeddable":true,"href":"https:\/\/kv-wadelheim.de\/index.php?rest_route=%2Fwp%2Fv2%2Ftribe_events_cat&post=5303"}],"curies":[{"name":"wp","href":"https:\/\/api.w.org\/{rel}","templated":true}]}}

<p>Am Samstag, 11. Januar 2025 feiern wir um 20:11 Uhr unsere diesjährige Prinzenproklamation. Als Highlight des Abends sind wir gespannt, welches neue Prinzenpaar die Wadelheimer Narren in der Session 2024/25 regieren wird.</p>
<p>An dem Abend erwartet Sie ein abwechslungsreiches Programm aus Bütt, Tanz und Musik. Im Anschluss an dem Programm laden wir zur Karnevalsparty mit dem DJ Team Querbeats ein.</p>
<p>Die Eintrittskarten kosten im Vorverkauf für<br />
<strong>Vereinsmitglieder 15,00 Euro </strong><br />
<strong> Nichtmitglieder 17,00 Euro</strong><br />
<strong> Abendkasse 20,00 Euro</strong><br />
und können bei unseren Kassierern erworben werden:</p>
<p><em>Heiner Kortkamp &#8211; Tel. 05971 963805 (ab 19:00 Uhr), kassierer@kv-wadelheim.de</em><br />
<em>Manuela Grottendieck &#8211; Tel. 05971 912923 (ab 19:00 Uhr)</em></p>
<p>&nbsp;</p>
<p>Bereits erworbene Karten können nicht zurückgenommen werden. Platzwünsche werden versucht, bis 31.12.2024 zu berücksichtigen.</p>

<p>Am Samstag, 11. Januar 2025 feiern wir um 20:11 Uhr unsere diesjährige Prinzenproklamation. Als Highlight des Abends sind wir gespannt, welches neue Prinzenpaar die Wadelheimer Narren in der Session 2024/25 regieren wird. An dem Abend erwartet Sie ein abwechslungsreiches Programm aus Bütt, Tanz und Musik. Im Anschluss an dem Programm laden wir zur Karnevalsparty mit dem DJ Team Querbeats ein.</p>
