{"id":4568,"date":"2024-02-23T15:08:09","date_gmt":"2024-02-23T14:08:09","guid":{"rendered":"https:\/\/kv-wadelheim.de\/?post_type=tribe_events&#038;p=4568"},"modified":"2025-11-13T16:02:59","modified_gmt":"2025-11-13T15:02:59","slug":"sommerfest-2024","status":"publish","type":"tribe_events","link":"https:\/\/kv-wadelheim.de\/?tribe_events=sommerfest-2024","title":{"rendered":"Sommerfest 2024"},"content":{"rendered":"<p>Unser diesj\u00e4hriges Sommerfest findet am Samstag, 8. Juni 2024 statt. Der diesj\u00e4hrige Sommerfestausschuss l\u00e4dt zu einem &#8222;famili\u00e4ren Sommerfest f\u00fcr Jedermann\/jedes Alter&#8220; ein. Weitere Informationen k\u00f6nnen der beigf\u00fcgten Einladung entnommen werden.<\/p>\n<p><a href=\"https:\/\/kv-wadelheim.de\/wp-content\/uploads\/2024\/02\/KVW-Sommerfest-2024-Einladung.pdf\">KVW &#8211; Sommerfest 2024 Einladung<\/a><\/p>\n","protected":false},"excerpt":{"rendered":"<p>Unser diesj\u00e4hriges Sommerfest findet am Samstag, 8. Juni 2024 statt. Der diesj\u00e4hrige Sommerfestausschuss l\u00e4dt zu einem &#8222;famili\u00e4ren Sommerfest f\u00fcr Jedermann\/jedes Alter&#8220; ein. Weitere Informationen k\u00f6nnen der beigf\u00fcgten Einladung entnommen werden. KVW &#8211; Sommerfest 2024 Einladung<\/p>\n","protected":false},"author":2,"featured_media":0,"template":"","meta":{"ngg_post_thumbnail":0,"_tribe_events_status":"","_tribe_events_status_reason":"","footnotes":""},"tags":[],"tribe_events_cat":[9],"class_list":["post-4568","tribe_events","type-tribe_events","status-publish","hentry","tribe_events_cat-veranstaltungen","cat_veranstaltungen"],"_links":{"self":[{"href":"https:\/\/kv-wadelheim.de\/index.php?rest_route=\/wp\/v2\/tribe_events\/4568","targetHints":{"allow":["GET"]}}],"collection":[{"href":"https:\/\/kv-wadelheim.de\/index.php?rest_route=\/wp\/v2\/tribe_events"}],"about":[{"href":"https:\/\/kv-wadelheim.de\/index.php?rest_route=\/wp\/v2\/types\/tribe_events"}],"author":[{"embeddable":true,"href":"https:\/\/kv-wadelheim.de\/index.php?rest_route=\/wp\/v2\/users\/2"}],"version-history":[{"count":4,"href":"https:\/\/kv-wadelheim.de\/index.php?rest_route=\/wp\/v2\/tribe_events\/4568\/revisions"}],"predecessor-version":[{"id":5138,"href":"https:\/\/kv-wadelheim.de\/index.php?rest_route=\/wp\/v2\/tribe_events\/4568\/revisions\/5138"}],"wp:attachment":[{"href":"https:\/\/kv-wadelheim.de\/index.php?rest_route=%2Fwp%2Fv2%2Fmedia&parent=4568"}],"wp:term":[{"taxonomy":"post_tag","embeddable":true,"href":"https:\/\/kv-wadelheim.de\/index.php?rest_route=%2Fwp%2Fv2%2Ftags&post=4568"},{"taxonomy":"tribe_events_cat","embeddable":true,"href":"https:\/\/kv-wadelheim.de\/index.php?rest_route=%2Fwp%2Fv2%2Ftribe_events_cat&post=4568"}],"curies":[{"name":"wp","href":"https:\/\/api.w.org\/{rel}","templated":true}]}}

<p>Unser diesjähriges Sommerfest findet am Samstag, 8. Juni 2024 statt. Der diesjährige Sommerfestausschuss lädt zu einem &#8222;familiären Sommerfest für Jedermann/jedes Alter&#8220; ein. Weitere Informationen können der beigfügten Einladung entnommen werden.</p>
<p><a href="https://kv-wadelheim.de/wp-content/uploads/2024/02/KVW-Sommerfest-2024-Einladung.pdf">KVW &#8211; Sommerfest 2024 Einladung</a></p>

<p>Unser diesjähriges Sommerfest findet am Samstag, 8. Juni 2024 statt. Der diesjährige Sommerfestausschuss lädt zu einem &#8222;familiären Sommerfest für Jedermann/jedes Alter&#8220; ein. Weitere Informationen können der beigfügten Einladung entnommen werden. KVW &#8211; Sommerfest 2024 Einladung</p>
