{"id":4292,"date":"2023-12-13T18:02:08","date_gmt":"2023-12-13T17:02:08","guid":{"rendered":"https:\/\/kv-wadelheim.de\/?post_type=tribe_events&#038;p=4292"},"modified":"2023-12-14T09:58:26","modified_gmt":"2023-12-14T08:58:26","slug":"prinzenproklamation-2024","status":"publish","type":"tribe_events","link":"https:\/\/kv-wadelheim.de\/?tribe_events=prinzenproklamation-2024","title":{"rendered":"Prinzenproklamation 2024"},"content":{"rendered":"<ol><img fetchpriority=\"high\" decoding=\"async\" src=\"https:\/\/kv-wadelheim.de\/wp-content\/uploads\/2023\/12\/Plakat-Proklamation-2023-300x300.png\" alt=\"\" width=\"500\" height=\"500\" class=\"alignnone size-medium wp-image-4293\" srcset=\"https:\/\/kv-wadelheim.de\/wp-content\/uploads\/2023\/12\/Plakat-Proklamation-2023-300x300.png 300w, https:\/\/kv-wadelheim.de\/wp-content\/uploads\/2023\/12\/Plakat-Proklamation-2023-1024x1024.png 1024w, https:\/\/kv-wadelheim.de\/wp-content\/uploads\/2023\/12\/Plakat-Proklamation-2023-150x150.png 150w, https:\/\/kv-wadelheim.de\/wp-content\/uploads\/2023\/12\/Plakat-Proklamation-2023-768x768.png 768w, https:\/\/kv-wadelheim.de\/wp-content\/uploads\/2023\/12\/Plakat-Proklamation-2023-90x90.png 90w, https:\/\/kv-wadelheim.de\/wp-content\/uploads\/2023\/12\/Plakat-Proklamation-2023-75x75.png 75w, https:\/\/kv-wadelheim.de\/wp-content\/uploads\/2023\/12\/Plakat-Proklamation-2023.png 1080w\" sizes=\"(max-width: 500px) 100vw, 500px\" \/><\/ol>\n<p>Am Samstag, 13. Januar 2024 feiern wir um 20:11 Uhr unsere diesj\u00e4hrige Prinzenproklamation. Als Highlight des Abends sind wir gespannt, welches neue Prinzenpaar die Wadelheimer Narren in der Session 2023\/24 regieren wird.<\/p>\n<p>An dem Abend erwartet Sie ein abwechslungsreiches Programm aus B\u00fctt, Tanz und Musik. Im Anschluss an dem Programm laden wir zur Karnevalsparty mit dem DJ Team Querbeats ein.<\/p>\n<p>Die Eintrittskarten kosten im Vorverkauf f\u00fcr <strong>Vereinsmitglieder 15,00 Euro <\/strong>sowie f\u00fcr<strong> Nichtmitglieder 17,00 Euro<\/strong> und k\u00f6nnen bei unseren Kassierern erworben werden:<\/p>\n<p><em>Heiner Kortkamp &#8211; Tel. 05971 963805 (ab 19:00 Uhr), kassierer@kv-wadelheim.de<\/em><\/p>\n<p><em>Manuela Grottendieck &#8211; Tel. 05971 912923 (ab 19:00 Uhr)<\/em><\/p>\n<p>&nbsp;<\/p>\n<p>Bereits erworbene Karten k\u00f6nnen nicht zur\u00fcckgenommen werden. Platzw\u00fcnsche werden versucht, bis 30.12.2023 zu ber\u00fccksichtigen.<\/p>\n","protected":false},"excerpt":{"rendered":"<p>Am Samstag, 13. Januar 2024 feiern wir um 20:11 Uhr unsere diesj\u00e4hrige Prinzenproklamation. Als Highlight des Abends sind wir gespannt, welches neue Prinzenpaar die Wadelheimer Narren in der Session 2023\/24 regieren wird. An dem Abend erwartet Sie ein abwechslungsreiches Programm aus B\u00fctt, Tanz und Musik. Im Anschluss an dem Programm laden wir zur Karnevalsparty mit dem DJ Team Querbeats ein.<\/p>\n","protected":false},"author":1,"featured_media":0,"template":"","meta":{"ngg_post_thumbnail":0,"_tribe_events_status":"","_tribe_events_status_reason":"","footnotes":""},"tags":[],"tribe_events_cat":[9],"class_list":["post-4292","tribe_events","type-tribe_events","status-publish","hentry","tribe_events_cat-veranstaltungen","cat_veranstaltungen"],"_links":{"self":[{"href":"https:\/\/kv-wadelheim.de\/index.php?rest_route=\/wp\/v2\/tribe_events\/4292","targetHints":{"allow":["GET"]}}],"collection":[{"href":"https:\/\/kv-wadelheim.de\/index.php?rest_route=\/wp\/v2\/tribe_events"}],"about":[{"href":"https:\/\/kv-wadelheim.de\/index.php?rest_route=\/wp\/v2\/types\/tribe_events"}],"author":[{"embeddable":true,"href":"https:\/\/kv-wadelheim.de\/index.php?rest_route=\/wp\/v2\/users\/1"}],"version-history":[{"count":6,"href":"https:\/\/kv-wadelheim.de\/index.php?rest_route=\/wp\/v2\/tribe_events\/4292\/revisions"}],"predecessor-version":[{"id":4315,"href":"https:\/\/kv-wadelheim.de\/index.php?rest_route=\/wp\/v2\/tribe_events\/4292\/revisions\/4315"}],"wp:attachment":[{"href":"https:\/\/kv-wadelheim.de\/index.php?rest_route=%2Fwp%2Fv2%2Fmedia&parent=4292"}],"wp:term":[{"taxonomy":"post_tag","embeddable":true,"href":"https:\/\/kv-wadelheim.de\/index.php?rest_route=%2Fwp%2Fv2%2Ftags&post=4292"},{"taxonomy":"tribe_events_cat","embeddable":true,"href":"https:\/\/kv-wadelheim.de\/index.php?rest_route=%2Fwp%2Fv2%2Ftribe_events_cat&post=4292"}],"curies":[{"name":"wp","href":"https:\/\/api.w.org\/{rel}","templated":true}]}}

<ol><img fetchpriority="high" decoding="async" src="https://kv-wadelheim.de/wp-content/uploads/2023/12/Plakat-Proklamation-2023-300x300.png" alt="" width="500" height="500" class="alignnone size-medium wp-image-4293" srcset="https://kv-wadelheim.de/wp-content/uploads/2023/12/Plakat-Proklamation-2023-300x300.png 300w, https://kv-wadelheim.de/wp-content/uploads/2023/12/Plakat-Proklamation-2023-1024x1024.png 1024w, https://kv-wadelheim.de/wp-content/uploads/2023/12/Plakat-Proklamation-2023-150x150.png 150w, https://kv-wadelheim.de/wp-content/uploads/2023/12/Plakat-Proklamation-2023-768x768.png 768w, https://kv-wadelheim.de/wp-content/uploads/2023/12/Plakat-Proklamation-2023-90x90.png 90w, https://kv-wadelheim.de/wp-content/uploads/2023/12/Plakat-Proklamation-2023-75x75.png 75w, https://kv-wadelheim.de/wp-content/uploads/2023/12/Plakat-Proklamation-2023.png 1080w" sizes="(max-width: 500px) 100vw, 500px" /></ol>
<p>Am Samstag, 13. Januar 2024 feiern wir um 20:11 Uhr unsere diesjährige Prinzenproklamation. Als Highlight des Abends sind wir gespannt, welches neue Prinzenpaar die Wadelheimer Narren in der Session 2023/24 regieren wird.</p>
<p>An dem Abend erwartet Sie ein abwechslungsreiches Programm aus Bütt, Tanz und Musik. Im Anschluss an dem Programm laden wir zur Karnevalsparty mit dem DJ Team Querbeats ein.</p>
<p>Die Eintrittskarten kosten im Vorverkauf für <strong>Vereinsmitglieder 15,00 Euro </strong>sowie für<strong> Nichtmitglieder 17,00 Euro</strong> und können bei unseren Kassierern erworben werden:</p>
<p><em>Heiner Kortkamp &#8211; Tel. 05971 963805 (ab 19:00 Uhr), kassierer@kv-wadelheim.de</em></p>
<p><em>Manuela Grottendieck &#8211; Tel. 05971 912923 (ab 19:00 Uhr)</em></p>
<p>&nbsp;</p>
<p>Bereits erworbene Karten können nicht zurückgenommen werden. Platzwünsche werden versucht, bis 30.12.2023 zu berücksichtigen.</p>

<p>Am Samstag, 13. Januar 2024 feiern wir um 20:11 Uhr unsere diesjährige Prinzenproklamation. Als Highlight des Abends sind wir gespannt, welches neue Prinzenpaar die Wadelheimer Narren in der Session 2023/24 regieren wird. An dem Abend erwartet Sie ein abwechslungsreiches Programm aus Bütt, Tanz und Musik. Im Anschluss an dem Programm laden wir zur Karnevalsparty mit dem DJ Team Querbeats ein.</p>
