{"id":3706,"date":"2022-10-27T09:47:53","date_gmt":"2022-10-27T07:47:53","guid":{"rendered":"https:\/\/kv-wadelheim.de\/?post_type=tribe_events&#038;p=3706"},"modified":"2022-10-27T09:47:53","modified_gmt":"2022-10-27T07:47:53","slug":"halbjahresversammlung","status":"publish","type":"tribe_events","link":"https:\/\/kv-wadelheim.de\/?tribe_events=halbjahresversammlung","title":{"rendered":"Halbjahresversammlung"},"content":{"rendered":"<p>Die Einladung zu unserer diesj\u00e4hrigen Halbjahresversammlung erhalten alle Mitglieder fristgerecht.<\/p>\n<p>Wie \u00fcblich wird im Rahmen dieser Veranstaltung \u00fcber die bevorstehende Session informiert.<\/p>\n","protected":false},"excerpt":{"rendered":"<p>Die Einladung zu unserer diesj\u00e4hrigen Halbjahresversammlung erhalten alle Mitglieder fristgerecht. Wie \u00fcblich wird im Rahmen dieser Veranstaltung \u00fcber die bevorstehende Session informiert.<\/p>\n","protected":false},"author":1,"featured_media":0,"template":"","meta":{"ngg_post_thumbnail":0,"_tribe_events_status":"","_tribe_events_status_reason":"","footnotes":""},"tags":[],"tribe_events_cat":[],"class_list":["post-3706","tribe_events","type-tribe_events","status-publish","hentry"],"_links":{"self":[{"href":"https:\/\/kv-wadelheim.de\/index.php?rest_route=\/wp\/v2\/tribe_events\/3706","targetHints":{"allow":["GET"]}}],"collection":[{"href":"https:\/\/kv-wadelheim.de\/index.php?rest_route=\/wp\/v2\/tribe_events"}],"about":[{"href":"https:\/\/kv-wadelheim.de\/index.php?rest_route=\/wp\/v2\/types\/tribe_events"}],"author":[{"embeddable":true,"href":"https:\/\/kv-wadelheim.de\/index.php?rest_route=\/wp\/v2\/users\/1"}],"version-history":[{"count":1,"href":"https:\/\/kv-wadelheim.de\/index.php?rest_route=\/wp\/v2\/tribe_events\/3706\/revisions"}],"predecessor-version":[{"id":3707,"href":"https:\/\/kv-wadelheim.de\/index.php?rest_route=\/wp\/v2\/tribe_events\/3706\/revisions\/3707"}],"wp:attachment":[{"href":"https:\/\/kv-wadelheim.de\/index.php?rest_route=%2Fwp%2Fv2%2Fmedia&parent=3706"}],"wp:term":[{"taxonomy":"post_tag","embeddable":true,"href":"https:\/\/kv-wadelheim.de\/index.php?rest_route=%2Fwp%2Fv2%2Ftags&post=3706"},{"taxonomy":"tribe_events_cat","embeddable":true,"href":"https:\/\/kv-wadelheim.de\/index.php?rest_route=%2Fwp%2Fv2%2Ftribe_events_cat&post=3706"}],"curies":[{"name":"wp","href":"https:\/\/api.w.org\/{rel}","templated":true}]}}

<p>Die Einladung zu unserer diesjährigen Halbjahresversammlung erhalten alle Mitglieder fristgerecht.</p>
<p>Wie üblich wird im Rahmen dieser Veranstaltung über die bevorstehende Session informiert.</p>

<p>Die Einladung zu unserer diesjährigen Halbjahresversammlung erhalten alle Mitglieder fristgerecht. Wie üblich wird im Rahmen dieser Veranstaltung über die bevorstehende Session informiert.</p>
