{"id":3667,"date":"2022-09-19T11:23:33","date_gmt":"2022-09-19T09:23:33","guid":{"rendered":"https:\/\/kv-wadelheim.de\/?post_type=tribe_events&#038;p=3667"},"modified":"2022-12-02T13:04:52","modified_gmt":"2022-12-02T12:04:52","slug":"prinzenproklamation-2023","status":"publish","type":"tribe_events","link":"https:\/\/kv-wadelheim.de\/?tribe_events=prinzenproklamation-2023","title":{"rendered":"Prinzenproklamation 2023"},"content":{"rendered":"<p>Am Samstag, 14. Januar 2023 feiern wir um 20:11 Uhr unsere diesj\u00e4hrige Prinzenproklamation. Als Highlight des Abends sind wir gespannt, welches neue Prinzenpaar die Wadelheimer Narren in der Session 2022\/23 regieren wird.<\/p>\n<p>An dem Abend erwartet Sie ein abwechslungsreiches Programm aus B\u00fctt, Tanz und Musik. Im Anschluss an dem Programm laden wir zur Karnevalsparty mit dem DJ Team Querbeats ein.<\/p>\n<p>Die Eintrittskarten kosten im <strong>Vorverkauf 17,00 Euro<\/strong> sowie an der <strong>Abendkasse 20,00 Euro<\/strong> und k\u00f6nnen bei unseren Kassierern erworben werden:<\/p>\n<p><em>Heiner Kortkamp &#8211; Tel. 05971 963805 (ab 19:00 Uhr), kassierer@kv-wadelheim.de<\/em><\/p>\n<p><em>Manuela Grottendieck &#8211; Tel. 05971 912923 (ab 19:00 Uhr)<\/em><\/p>\n<p>&nbsp;<\/p>\n<p>Bereits erworbene Karten k\u00f6nnen nicht zur\u00fcckgenommen werden. Platzw\u00fcnsche werden versucht, bis 30.12.2022 zu ber\u00fccksichtigen.<\/p>\n","protected":false},"excerpt":{"rendered":"<p>Am Samstag, 14. Januar 2023 feiern wir um 20:11 Uhr unsere diesj\u00e4hrige Prinzenproklamation. Als Highlight des Abends sind wir gespannt, welches neue Prinzenpaar die Wadelheimer Narren in der Session 2022\/23 regieren wird. An dem Abend erwartet Sie ein abwechslungsreiches Programm aus B\u00fctt, Tanz und Musik. Im Anschluss an dem Programm laden wir zur Karnevalsparty mit dem DJ Team Querbeats ein.<\/p>\n","protected":false},"author":1,"featured_media":0,"template":"","meta":{"ngg_post_thumbnail":0,"_tribe_events_status":"","_tribe_events_status_reason":"","footnotes":""},"tags":[],"tribe_events_cat":[9],"class_list":["post-3667","tribe_events","type-tribe_events","status-publish","hentry","tribe_events_cat-veranstaltungen","cat_veranstaltungen"],"_links":{"self":[{"href":"https:\/\/kv-wadelheim.de\/index.php?rest_route=\/wp\/v2\/tribe_events\/3667","targetHints":{"allow":["GET"]}}],"collection":[{"href":"https:\/\/kv-wadelheim.de\/index.php?rest_route=\/wp\/v2\/tribe_events"}],"about":[{"href":"https:\/\/kv-wadelheim.de\/index.php?rest_route=\/wp\/v2\/types\/tribe_events"}],"author":[{"embeddable":true,"href":"https:\/\/kv-wadelheim.de\/index.php?rest_route=\/wp\/v2\/users\/1"}],"version-history":[{"count":3,"href":"https:\/\/kv-wadelheim.de\/index.php?rest_route=\/wp\/v2\/tribe_events\/3667\/revisions"}],"predecessor-version":[{"id":3710,"href":"https:\/\/kv-wadelheim.de\/index.php?rest_route=\/wp\/v2\/tribe_events\/3667\/revisions\/3710"}],"wp:attachment":[{"href":"https:\/\/kv-wadelheim.de\/index.php?rest_route=%2Fwp%2Fv2%2Fmedia&parent=3667"}],"wp:term":[{"taxonomy":"post_tag","embeddable":true,"href":"https:\/\/kv-wadelheim.de\/index.php?rest_route=%2Fwp%2Fv2%2Ftags&post=3667"},{"taxonomy":"tribe_events_cat","embeddable":true,"href":"https:\/\/kv-wadelheim.de\/index.php?rest_route=%2Fwp%2Fv2%2Ftribe_events_cat&post=3667"}],"curies":[{"name":"wp","href":"https:\/\/api.w.org\/{rel}","templated":true}]}}

<p>Am Samstag, 14. Januar 2023 feiern wir um 20:11 Uhr unsere diesjährige Prinzenproklamation. Als Highlight des Abends sind wir gespannt, welches neue Prinzenpaar die Wadelheimer Narren in der Session 2022/23 regieren wird.</p>
<p>An dem Abend erwartet Sie ein abwechslungsreiches Programm aus Bütt, Tanz und Musik. Im Anschluss an dem Programm laden wir zur Karnevalsparty mit dem DJ Team Querbeats ein.</p>
<p>Die Eintrittskarten kosten im <strong>Vorverkauf 17,00 Euro</strong> sowie an der <strong>Abendkasse 20,00 Euro</strong> und können bei unseren Kassierern erworben werden:</p>
<p><em>Heiner Kortkamp &#8211; Tel. 05971 963805 (ab 19:00 Uhr), kassierer@kv-wadelheim.de</em></p>
<p><em>Manuela Grottendieck &#8211; Tel. 05971 912923 (ab 19:00 Uhr)</em></p>
<p>&nbsp;</p>
<p>Bereits erworbene Karten können nicht zurückgenommen werden. Platzwünsche werden versucht, bis 30.12.2022 zu berücksichtigen.</p>

<p>Am Samstag, 14. Januar 2023 feiern wir um 20:11 Uhr unsere diesjährige Prinzenproklamation. Als Highlight des Abends sind wir gespannt, welches neue Prinzenpaar die Wadelheimer Narren in der Session 2022/23 regieren wird. An dem Abend erwartet Sie ein abwechslungsreiches Programm aus Bütt, Tanz und Musik. Im Anschluss an dem Programm laden wir zur Karnevalsparty mit dem DJ Team Querbeats ein.</p>
