{"id":3407,"date":"2021-06-28T10:41:46","date_gmt":"2021-06-28T08:41:46","guid":{"rendered":"https:\/\/kv-wadelheim.de\/?post_type=tribe_events&#038;p=3407"},"modified":"2021-11-26T12:23:30","modified_gmt":"2021-11-26T11:23:30","slug":"kinderkarneval-2022","status":"publish","type":"tribe_events","link":"https:\/\/kv-wadelheim.de\/?tribe_events=kinderkarneval-2022","title":{"rendered":"Kinderkarneval 2022 ***abgesagt***"},"content":{"rendered":"<p>Aufgrund der aktuellen Corona-Situation hat in Absprache mit dem Kinderfestausschuss die Mehrheit des Vorstands am 22. November 2021 f\u00fcr die Absage des Kinderkarnevals gestimmt.<\/p>\n<p>Auf der einen Seite m\u00f6chten wir ungerne, dass die Kinder die Leidtragenden der Pandemie sind und den Erwachsenen nichts nachstehen sollen. Auf der anderen Seite sind die Kinder die Altersgruppe, die aktuell nicht geimpft werden kann. Bei unserer Veranstaltung treffen viele Kinder unterschiedlichen Alters aus unterschiedlichen Schulen\/Kitas aufeinander. Da uns die Gesundheit der Kinder und unserer G\u00e4ste wichtig ist, haben wir uns schweren Herzens entschlossen, den Kinderkarneval abzusagen.<\/p>\n<p>Alls Entsch\u00e4digung werden alle Kinder von Vereinsmitgliedern bis einschlie\u00dflich 14 Jahren am eigentlichen Wochenende des Kinderkarnevals die sonst \u00fcbliche \u00dcberraschungst\u00fcte vom Verein erhalten.<\/p>\n","protected":false},"excerpt":{"rendered":"<p>Aufgrund der aktuellen Corona-Situation hat in Absprache mit dem Kinderfestausschuss die Mehrheit des Vorstands am 22. November 2021 f\u00fcr die Absage des Kinderkarnevals gestimmt. Auf der einen Seite m\u00f6chten wir ungerne, dass die Kinder die Leidtragenden der Pandemie sind und den Erwachsenen nichts nachstehen sollen. Auf der anderen Seite sind die Kinder die Altersgruppe, die aktuell nicht geimpft werden kann.<\/p>\n","protected":false},"author":1,"featured_media":0,"template":"","meta":{"ngg_post_thumbnail":0,"_tribe_events_status":"","_tribe_events_status_reason":"","footnotes":""},"tags":[],"tribe_events_cat":[9],"class_list":["post-3407","tribe_events","type-tribe_events","status-publish","hentry","tribe_events_cat-veranstaltungen","cat_veranstaltungen"],"_links":{"self":[{"href":"https:\/\/kv-wadelheim.de\/index.php?rest_route=\/wp\/v2\/tribe_events\/3407","targetHints":{"allow":["GET"]}}],"collection":[{"href":"https:\/\/kv-wadelheim.de\/index.php?rest_route=\/wp\/v2\/tribe_events"}],"about":[{"href":"https:\/\/kv-wadelheim.de\/index.php?rest_route=\/wp\/v2\/types\/tribe_events"}],"author":[{"embeddable":true,"href":"https:\/\/kv-wadelheim.de\/index.php?rest_route=\/wp\/v2\/users\/1"}],"version-history":[{"count":3,"href":"https:\/\/kv-wadelheim.de\/index.php?rest_route=\/wp\/v2\/tribe_events\/3407\/revisions"}],"predecessor-version":[{"id":3521,"href":"https:\/\/kv-wadelheim.de\/index.php?rest_route=\/wp\/v2\/tribe_events\/3407\/revisions\/3521"}],"wp:attachment":[{"href":"https:\/\/kv-wadelheim.de\/index.php?rest_route=%2Fwp%2Fv2%2Fmedia&parent=3407"}],"wp:term":[{"taxonomy":"post_tag","embeddable":true,"href":"https:\/\/kv-wadelheim.de\/index.php?rest_route=%2Fwp%2Fv2%2Ftags&post=3407"},{"taxonomy":"tribe_events_cat","embeddable":true,"href":"https:\/\/kv-wadelheim.de\/index.php?rest_route=%2Fwp%2Fv2%2Ftribe_events_cat&post=3407"}],"curies":[{"name":"wp","href":"https:\/\/api.w.org\/{rel}","templated":true}]}}

<p>Aufgrund der aktuellen Corona-Situation hat in Absprache mit dem Kinderfestausschuss die Mehrheit des Vorstands am 22. November 2021 für die Absage des Kinderkarnevals gestimmt.</p>
<p>Auf der einen Seite möchten wir ungerne, dass die Kinder die Leidtragenden der Pandemie sind und den Erwachsenen nichts nachstehen sollen. Auf der anderen Seite sind die Kinder die Altersgruppe, die aktuell nicht geimpft werden kann. Bei unserer Veranstaltung treffen viele Kinder unterschiedlichen Alters aus unterschiedlichen Schulen/Kitas aufeinander. Da uns die Gesundheit der Kinder und unserer Gäste wichtig ist, haben wir uns schweren Herzens entschlossen, den Kinderkarneval abzusagen.</p>
<p>Alls Entschädigung werden alle Kinder von Vereinsmitgliedern bis einschließlich 14 Jahren am eigentlichen Wochenende des Kinderkarnevals die sonst übliche Überraschungstüte vom Verein erhalten.</p>

<p>Aufgrund der aktuellen Corona-Situation hat in Absprache mit dem Kinderfestausschuss die Mehrheit des Vorstands am 22. November 2021 für die Absage des Kinderkarnevals gestimmt. Auf der einen Seite möchten wir ungerne, dass die Kinder die Leidtragenden der Pandemie sind und den Erwachsenen nichts nachstehen sollen. Auf der anderen Seite sind die Kinder die Altersgruppe, die aktuell nicht geimpft werden kann.</p>
