{"id":75,"date":"2019-05-08T16:03:51","date_gmt":"2019-05-08T14:03:51","guid":{"rendered":"https:\/\/kv-wadelheim.de\/?page_id=75"},"modified":"2019-09-30T16:33:34","modified_gmt":"2019-09-30T14:33:34","slug":"vereinschronik","status":"publish","type":"page","link":"https:\/\/kv-wadelheim.de\/?page_id=75","title":{"rendered":"Vereinschronik"},"content":{"rendered":"\n\t\t\t\t<img fetchpriority=\"high\" decoding=\"async\" src=\"https:\/\/kv-wadelheim.de\/wp-content\/uploads\/2019\/05\/1970-1_1.jpg\" alt=\"1970-1_1\" itemprop=\"image\" height=\"457\" width=\"650\" title=\"1970-1_1\" onerror=\"this.style.display='none'\"  \/>\n\t<p>Der Karneval wurde in Wadelheim bereits gefeiert, da wurde an dem KVW noch nicht einmal gedacht. Denn vom Karneval der Nachbargemeinschaft Kloddenhook-Bormenhook spricht man schon seit Urururgro\u00dfvaters Zeiten. Ja, da ging\u00b4s deftig daher; zun\u00e4chst wurden Eier, Speck, Wurst, kurz alles, was das Westfalen-Herz begehrte, gesammelt, um dann gemeinsam auf einen Bauernhof mit allen Nachbarn zu speisen und Karneval zu feiern. Das sprach sich herum, so dass die Nachbarschaft gr\u00f6\u00dfer und gr\u00f6\u00dfer wurde. Zwar wurden weiterhin Naturalien gesammelt (das erledigten die Jungs, w\u00e4hrend die M\u00e4dels schon Kartoffeln sch\u00e4lten), aber man speiste erst am jeweils darauffolgenden Montag in der Gastst\u00e4tte Stockmann und proklamierte dort den Prinzen des &#8222;Karnevals-K\u00f6nigreiches Wadelheim&#8220;.<\/p>\n\t\t\t\t<img decoding=\"async\" src=\"https:\/\/kv-wadelheim.de\/wp-content\/uploads\/2019\/05\/1970-2.jpg\" alt=\"1970-2\" itemprop=\"image\" height=\"1478\" width=\"949\" title=\"1970-2\" onerror=\"this.style.display='none'\"  \/>\n\t<p>Die Nachbarschaft wuchs und wuchs, Wadelheim wurde gr\u00f6\u00dfer und gr\u00f6\u00dfer, so dass man begann, statt Eier und Speck einen festgesetzten Betrag f\u00fcr das gemeinsame Fest zu sammeln. Hermann Herbers, Franz Plagemann, Bernhard Rauen und August Wewer, die Urv\u00e4ter des KVW, waren des Sammelns irgendwann m\u00fcde, so dass man sich am 20. Oktober 1970 bei Stockmann mit einigen J\u00fcngeren traf, um zu \u00fcberlegen, wie es weitergehen solle. Und wie die Wadelheimer nun einmal sind, wurde nicht lange gefackelt und der KVW ins Leben gerufen. Nicht nur das: Die Termine f\u00fcr die n\u00e4chste Session wurden ebenfalls festgezurrt: Prinzenproklamation, Kartoffelsch\u00e4len, Frauenkaffee, Wurstessen.\u00a0 Das alles gab es von Anfang an des KVW. Der Nachbarschaftskarneval hatte mit der Gastst\u00e4tte Stockmann nunmehr ein Heim und ein eigenen Verein.<\/p>\n\t<p>Ob der \u00fcberf\u00fcllte Saal bei der ersten Prinzenproklamation zur\u00fcckzuf\u00fchren ist auf das erste Prinzenpaar, Wilfried I. (Kurk) und Prinzessin Ulla I. (Schulte, heute auch Kurk), dar\u00fcber munkelt man noch heute. Nichts sollte nun mehr dem Zufall \u00fcberlassen werden: Man w\u00e4hlte einen ersten Vorstand mit Herbert Suers als Pr\u00e4sidenten, Walter Heilemann als Sitzungspr\u00e4sidenten, Hermann Herbers als Schatzmeister, Alfons Beckmann und Ludwig Stockmann als Beisitzer und Herbert Berkmann als Pressewart.<\/p>\n\t\t\t\t<img decoding=\"async\" src=\"https:\/\/kv-wadelheim.de\/wp-content\/uploads\/2019\/05\/1971-1.jpg\" alt=\"1971-1\" itemprop=\"image\" height=\"1156\" width=\"1452\" title=\"1971-1\" onerror=\"this.style.display='none'\"  \/>\n\t<p>Nach der Wahl des ersten Vorstandes beschloss man auf der gleichen Versammlung der Karnevals-Union-Rheine (KUR) beizutreten. Ein schriftlicher Aufnahmeantrag wurde gestellt und die Jahreshauptversammlung der KUR best\u00e4tigte die Aufnahme einstimmig. Nun war man KUR-Mitglied und der Meinung, man m\u00fcsse uns nun \u00fcberall kennen. Um so erstaunter waren wir, als man in Hauenhorst gro\u00df schaute, wer da in schwarzer Hose, wei\u00dfem Hemd und kleinen blau-wei\u00dfen M\u00fctzen und Fliegen aufmarschierte, sich k\u00fchn nach seinen Pl\u00e4tzen erkundigte und dann gefragt wurden, wer wir \u00fcberhaupt seien. Ein kurzes Gespr\u00e4ch zwischen Alfons Hollefeld und Herbert Suers kl\u00e4rte aber alles auf und so marschierten wir zum ersten Mal als G\u00e4ste auf einer fremden Veranstaltung auf. Seit diesem Tage gibt es keine Karnevalsveranstaltung in Rheine, wo nicht Mitglieder des KVW als G\u00e4ste zugegen sind. Anstelle der wei\u00dfen Hemden und der blau-wei\u00dfen M\u00fctzen sind mittlerweile blaue Vereinsjacken mit Wappen und gro\u00dfe blau-wei\u00dfe Karnevalsm\u00fctzen mit eingesticktem KVW vorhanden.<\/p>\n<p>L\u00e4ngst ist Wadelheim zu einer Hochburg des Karnevals in Rheine geworden, l\u00e4ngst sind die blauen Vereinsjacken und die blau-wei\u00dfen Karnevalsm\u00fctzen des KVW nicht nur in Rheine bekannt. Freundschaftliche Verbindungen pflegt der KVW unter anderem mit dem Bernburger Karnevalsclub e. V. und dem F\u00fcrstenauer Rot-Wei\u00df.<\/p>\n<p>Das Angebot des KVW wurde im Laufe der Jahre immer vielf\u00e4ltiger, wobei man stets darauf bedacht war, dass das Gemeinschaftsgef\u00fchl an erster Stelle steht. So ist der KVW auch heute noch ein Verein, in dem jeder jeden kennt und in dem man mit Toleranz und Offenheit miteinander umgeht und feiert.<\/p>\n<p>Wenngleich die Prinzenproklamation noch immer der H\u00f6hepunkt des Vereinslebens des KVW ist, bietet der KVW seit Jahren Veranstaltungen an, die das Herz eines jeden Karnevalisten h\u00f6her schlagen lassen. Beinahe legend\u00e4r und \u00fcber die Grenzen der Stadt Rheine bekannt, ist der Wadelheimer Frauenkarneval. Was zun\u00e4chst als Frauenkaffee begann, entwickelte sich zu einem b\u00fchnenreifen Frauenkarneval. Der Kinderkarneval ist genauso ein fester Bestandteil des j\u00e4hrlichen Programms des KVW wie das traditionelle Wurstessen. Die j\u00e4hrlichen Vereinsfeste d\u00fcrfen ebenso wenig unerw\u00e4hnt bleiben wie die vom KVW veranstaltete Fahrt ins Blaue und der Tanz in den Mai. Auch auf den Veranstaltungen der KUR, dem Karnevalsauftakt am 11.11., der Proklamation des Stadtprinzen, dem Rathaussturm und dem Rosenmontagsumzug sind die Wadelheimer nicht mehr wegzudenken.<\/p>\n<p>In Wadelheim wird nicht nur gefeiert, sondern auch in jedem Jahr ein Wagen gezimmert. Der Wagen des KVW geh\u00f6rt l\u00e4ngst zum festen Bestandteil des Rheiner Rosenmontagsumzuges.<\/p>\n\t<p>Weit \u00fcber Rheine hinaus war der KVW auch durch seine Tanzgarde bekannt geworden, die sich inzwischen zu einem eigenen Verein gemausert hat. Die Zahl der Meisterschaften, an denen die Tanzgarde teilgenommen und auf denen sie Preise errungen hat, ist kaum noch zu z\u00e4hlen.<\/p>\n<p>&nbsp;<\/p>\n<p><em>(Quelle: Festschrift zum 25-j\u00e4hrigen Jubil\u00e4um des KVW)<\/em><\/p>\n\t\t\t\t<img loading=\"lazy\" decoding=\"async\" src=\"https:\/\/kv-wadelheim.de\/wp-content\/uploads\/2019\/05\/1982-2.jpg\" alt=\"1982-2\" itemprop=\"image\" height=\"663\" width=\"996\" title=\"1982-2\" onerror=\"this.style.display='none'\"  \/>\n","protected":false},"excerpt":{"rendered":"<p>Der Karneval wurde in Wadelheim bereits gefeiert, da wurde an dem KVW noch nicht einmal gedacht. Denn vom Karneval der Nachbargemeinschaft Kloddenhook-Bormenhook spricht man schon seit Urururgro\u00dfvaters Zeiten. Ja, da ging\u00b4s deftig daher; zun\u00e4chst wurden Eier, Speck, Wurst, kurz alles, was das Westfalen-Herz begehrte, gesammelt, um dann gemeinsam auf einen Bauernhof mit allen Nachbarn zu speisen und Karneval zu feiern.<\/p>\n","protected":false},"author":1,"featured_media":0,"parent":0,"menu_order":0,"comment_status":"closed","ping_status":"closed","template":"","meta":{"ngg_post_thumbnail":0,"footnotes":""},"class_list":["post-75","page","type-page","status-publish","hentry"],"_links":{"self":[{"href":"https:\/\/kv-wadelheim.de\/index.php?rest_route=\/wp\/v2\/pages\/75","targetHints":{"allow":["GET"]}}],"collection":[{"href":"https:\/\/kv-wadelheim.de\/index.php?rest_route=\/wp\/v2\/pages"}],"about":[{"href":"https:\/\/kv-wadelheim.de\/index.php?rest_route=\/wp\/v2\/types\/page"}],"author":[{"embeddable":true,"href":"https:\/\/kv-wadelheim.de\/index.php?rest_route=\/wp\/v2\/users\/1"}],"replies":[{"embeddable":true,"href":"https:\/\/kv-wadelheim.de\/index.php?rest_route=%2Fwp%2Fv2%2Fcomments&post=75"}],"version-history":[{"count":6,"href":"https:\/\/kv-wadelheim.de\/index.php?rest_route=\/wp\/v2\/pages\/75\/revisions"}],"predecessor-version":[{"id":2726,"href":"https:\/\/kv-wadelheim.de\/index.php?rest_route=\/wp\/v2\/pages\/75\/revisions\/2726"}],"wp:attachment":[{"href":"https:\/\/kv-wadelheim.de\/index.php?rest_route=%2Fwp%2Fv2%2Fmedia&parent=75"}],"curies":[{"name":"wp","href":"https:\/\/api.w.org\/{rel}","templated":true}]}}

<img fetchpriority="high" decoding="async" src="https://kv-wadelheim.de/wp-content/uploads/2019/05/1970-1_1.jpg" alt="1970-1_1" itemprop="image" height="457" width="650" title="1970-1_1" onerror="this.style.display='none'"  />
	<p>Der Karneval wurde in Wadelheim bereits gefeiert, da wurde an dem KVW noch nicht einmal gedacht. Denn vom Karneval der Nachbargemeinschaft Kloddenhook-Bormenhook spricht man schon seit Urururgroßvaters Zeiten. Ja, da ging´s deftig daher; zunächst wurden Eier, Speck, Wurst, kurz alles, was das Westfalen-Herz begehrte, gesammelt, um dann gemeinsam auf einen Bauernhof mit allen Nachbarn zu speisen und Karneval zu feiern. Das sprach sich herum, so dass die Nachbarschaft größer und größer wurde. Zwar wurden weiterhin Naturalien gesammelt (das erledigten die Jungs, während die Mädels schon Kartoffeln schälten), aber man speiste erst am jeweils darauffolgenden Montag in der Gaststätte Stockmann und proklamierte dort den Prinzen des &#8222;Karnevals-Königreiches Wadelheim&#8220;.</p>
				<img decoding="async" src="https://kv-wadelheim.de/wp-content/uploads/2019/05/1970-2.jpg" alt="1970-2" itemprop="image" height="1478" width="949" title="1970-2" onerror="this.style.display='none'"  />
	<p>Die Nachbarschaft wuchs und wuchs, Wadelheim wurde größer und größer, so dass man begann, statt Eier und Speck einen festgesetzten Betrag für das gemeinsame Fest zu sammeln. Hermann Herbers, Franz Plagemann, Bernhard Rauen und August Wewer, die Urväter des KVW, waren des Sammelns irgendwann müde, so dass man sich am 20. Oktober 1970 bei Stockmann mit einigen Jüngeren traf, um zu überlegen, wie es weitergehen solle. Und wie die Wadelheimer nun einmal sind, wurde nicht lange gefackelt und der KVW ins Leben gerufen. Nicht nur das: Die Termine für die nächste Session wurden ebenfalls festgezurrt: Prinzenproklamation, Kartoffelschälen, Frauenkaffee, Wurstessen.  Das alles gab es von Anfang an des KVW. Der Nachbarschaftskarneval hatte mit der Gaststätte Stockmann nunmehr ein Heim und ein eigenen Verein.</p>
	<p>Ob der überfüllte Saal bei der ersten Prinzenproklamation zurückzuführen ist auf das erste Prinzenpaar, Wilfried I. (Kurk) und Prinzessin Ulla I. (Schulte, heute auch Kurk), darüber munkelt man noch heute. Nichts sollte nun mehr dem Zufall überlassen werden: Man wählte einen ersten Vorstand mit Herbert Suers als Präsidenten, Walter Heilemann als Sitzungspräsidenten, Hermann Herbers als Schatzmeister, Alfons Beckmann und Ludwig Stockmann als Beisitzer und Herbert Berkmann als Pressewart.</p>
				<img decoding="async" src="https://kv-wadelheim.de/wp-content/uploads/2019/05/1971-1.jpg" alt="1971-1" itemprop="image" height="1156" width="1452" title="1971-1" onerror="this.style.display='none'"  />
	<p>Nach der Wahl des ersten Vorstandes beschloss man auf der gleichen Versammlung der Karnevals-Union-Rheine (KUR) beizutreten. Ein schriftlicher Aufnahmeantrag wurde gestellt und die Jahreshauptversammlung der KUR bestätigte die Aufnahme einstimmig. Nun war man KUR-Mitglied und der Meinung, man müsse uns nun überall kennen. Um so erstaunter waren wir, als man in Hauenhorst groß schaute, wer da in schwarzer Hose, weißem Hemd und kleinen blau-weißen Mützen und Fliegen aufmarschierte, sich kühn nach seinen Plätzen erkundigte und dann gefragt wurden, wer wir überhaupt seien. Ein kurzes Gespräch zwischen Alfons Hollefeld und Herbert Suers klärte aber alles auf und so marschierten wir zum ersten Mal als Gäste auf einer fremden Veranstaltung auf. Seit diesem Tage gibt es keine Karnevalsveranstaltung in Rheine, wo nicht Mitglieder des KVW als Gäste zugegen sind. Anstelle der weißen Hemden und der blau-weißen Mützen sind mittlerweile blaue Vereinsjacken mit Wappen und große blau-weiße Karnevalsmützen mit eingesticktem KVW vorhanden.</p>
<p>Längst ist Wadelheim zu einer Hochburg des Karnevals in Rheine geworden, längst sind die blauen Vereinsjacken und die blau-weißen Karnevalsmützen des KVW nicht nur in Rheine bekannt. Freundschaftliche Verbindungen pflegt der KVW unter anderem mit dem Bernburger Karnevalsclub e. V. und dem Fürstenauer Rot-Weiß.</p>
<p>Das Angebot des KVW wurde im Laufe der Jahre immer vielfältiger, wobei man stets darauf bedacht war, dass das Gemeinschaftsgefühl an erster Stelle steht. So ist der KVW auch heute noch ein Verein, in dem jeder jeden kennt und in dem man mit Toleranz und Offenheit miteinander umgeht und feiert.</p>
<p>Wenngleich die Prinzenproklamation noch immer der Höhepunkt des Vereinslebens des KVW ist, bietet der KVW seit Jahren Veranstaltungen an, die das Herz eines jeden Karnevalisten höher schlagen lassen. Beinahe legendär und über die Grenzen der Stadt Rheine bekannt, ist der Wadelheimer Frauenkarneval. Was zunächst als Frauenkaffee begann, entwickelte sich zu einem bühnenreifen Frauenkarneval. Der Kinderkarneval ist genauso ein fester Bestandteil des jährlichen Programms des KVW wie das traditionelle Wurstessen. Die jährlichen Vereinsfeste dürfen ebenso wenig unerwähnt bleiben wie die vom KVW veranstaltete Fahrt ins Blaue und der Tanz in den Mai. Auch auf den Veranstaltungen der KUR, dem Karnevalsauftakt am 11.11., der Proklamation des Stadtprinzen, dem Rathaussturm und dem Rosenmontagsumzug sind die Wadelheimer nicht mehr wegzudenken.</p>
<p>In Wadelheim wird nicht nur gefeiert, sondern auch in jedem Jahr ein Wagen gezimmert. Der Wagen des KVW gehört längst zum festen Bestandteil des Rheiner Rosenmontagsumzuges.</p>
	<p>Weit über Rheine hinaus war der KVW auch durch seine Tanzgarde bekannt geworden, die sich inzwischen zu einem eigenen Verein gemausert hat. Die Zahl der Meisterschaften, an denen die Tanzgarde teilgenommen und auf denen sie Preise errungen hat, ist kaum noch zu zählen.</p>
<p>&nbsp;</p>
<p><em>(Quelle: Festschrift zum 25-jährigen Jubiläum des KVW)</em></p>
				<img loading="lazy" decoding="async" src="https://kv-wadelheim.de/wp-content/uploads/2019/05/1982-2.jpg" alt="1982-2" itemprop="image" height="663" width="996" title="1982-2" onerror="this.style.display='none'"  />

<p>Der Karneval wurde in Wadelheim bereits gefeiert, da wurde an dem KVW noch nicht einmal gedacht. Denn vom Karneval der Nachbargemeinschaft Kloddenhook-Bormenhook spricht man schon seit Urururgroßvaters Zeiten. Ja, da ging´s deftig daher; zunächst wurden Eier, Speck, Wurst, kurz alles, was das Westfalen-Herz begehrte, gesammelt, um dann gemeinsam auf einen Bauernhof mit allen Nachbarn zu speisen und Karneval zu feiern.</p>
