{"id":162,"date":"2019-05-10T21:13:02","date_gmt":"2019-05-10T19:13:02","guid":{"rendered":"https:\/\/kv-wadelheim.de\/?page_id=162"},"modified":"2026-01-14T15:15:29","modified_gmt":"2026-01-14T14:15:29","slug":"elferrat","status":"publish","type":"page","link":"https:\/\/kv-wadelheim.de\/?page_id=162","title":{"rendered":"Elferrat 2025\/2026"},"content":{"rendered":"\n\n\t\t\t\t<a href=\"https:\/\/kv-wadelheim.de\/wp-content\/uploads\/2025\/01\/Elferrat-2025-scaled.jpg\"  target=\"_self\" itemprop=\"url\">\n\t\t\t\t<img loading=\"lazy\" decoding=\"async\" src=\"https:\/\/kv-wadelheim.de\/wp-content\/uploads\/2026\/01\/Elferrat-2026-1-1024x835.jpg\" alt=\"Elferrat 2026\" itemprop=\"image\" height=\"701\" width=\"860\" title=\"Elferrat 2026\" onerror=\"this.style.display='none'\" loading=\"lazy\" \/>\n\t\t\t\t<\/a>\n\t<p><strong>Die Elferratsdamen des KVW in der Session 2025\/2026:<\/strong><\/p>\n<h6>Monika Gref von Harteneck, Silvia Kortkamp, Pia Kr\u00f6plin, Anne Kr\u00f6plin, Bianca Strotmann, Kim Kr\u00f6plin, Ramona Schulte-Kl\u00fcmper, Eileen Kl\u00fcmper<\/h6>\n<p>&nbsp;<\/p>\n<p>Bereits bei der Vereinsgr\u00fcndung im Jahr 1970 wurde ein Elferrat f\u00fcr den KVW ausgew\u00e4hlt. War es damals noch ein reiner M\u00e4nnerelfrrat existiert nun bereits seit einigen Jahrzehnten ein reiner Damenelferrat in Wadelheim. Neu formiert hat sich unser Damenelferrat im Jahr 2017. Er setzt sich aus Damen der Altersklassen 21 bis 67 zusammen und verk\u00f6rpert somit einen Gro\u00dfteil der Mitglieder des KVW.<\/p>\n<p>Bezeichnend f\u00fcr das famili\u00e4re Miteinander im Verein ist die Tatsache, dass erheblich viele T\u00f6chter ihre M\u00fctter in dieser Position \u201ebeerbt&#8220; haben und somit eine traditionelle Institution innerhalb des KV Wadelheim weiterleben lassen.<\/p>\n<p>Der Damenelferrat trifft sich ab September\/Oktober in regelm\u00e4\u00dfigen Abst\u00e4nden zur Vorbesprechung der n\u00e4chsten Session.<\/p>\n<p>Der Damenelferrat w\u00fcnscht sich f\u00fcr die Zukunft ein weiterhin so harmonisches Miteinander im KVW wie bisher und noch viele Jahre Spa\u00df und Vergn\u00fcgen bei den Sitzungen.<\/p>\n\n","protected":false},"excerpt":{"rendered":"<p>Die Elferratsdamen des KVW in der Session 2025\/2026: Monika Gref von Harteneck, Silvia Kortkamp, Pia Kr\u00f6plin, Anne Kr\u00f6plin, Bianca Strotmann, Kim Kr\u00f6plin, Ramona Schulte-Kl\u00fcmper, Eileen Kl\u00fcmper &nbsp; Bereits bei der Vereinsgr\u00fcndung im Jahr 1970 wurde ein Elferrat f\u00fcr den KVW ausgew\u00e4hlt. War es damals noch ein reiner M\u00e4nnerelfrrat existiert nun bereits seit einigen Jahrzehnten ein reiner Damenelferrat in Wadelheim. Neu<\/p>\n","protected":false},"author":1,"featured_media":0,"parent":0,"menu_order":0,"comment_status":"closed","ping_status":"closed","template":"","meta":{"ngg_post_thumbnail":0,"footnotes":""},"class_list":["post-162","page","type-page","status-publish","hentry"],"_links":{"self":[{"href":"https:\/\/kv-wadelheim.de\/index.php?rest_route=\/wp\/v2\/pages\/162","targetHints":{"allow":["GET"]}}],"collection":[{"href":"https:\/\/kv-wadelheim.de\/index.php?rest_route=\/wp\/v2\/pages"}],"about":[{"href":"https:\/\/kv-wadelheim.de\/index.php?rest_route=\/wp\/v2\/types\/page"}],"author":[{"embeddable":true,"href":"https:\/\/kv-wadelheim.de\/index.php?rest_route=\/wp\/v2\/users\/1"}],"replies":[{"embeddable":true,"href":"https:\/\/kv-wadelheim.de\/index.php?rest_route=%2Fwp%2Fv2%2Fcomments&post=162"}],"version-history":[{"count":9,"href":"https:\/\/kv-wadelheim.de\/index.php?rest_route=\/wp\/v2\/pages\/162\/revisions"}],"predecessor-version":[{"id":6747,"href":"https:\/\/kv-wadelheim.de\/index.php?rest_route=\/wp\/v2\/pages\/162\/revisions\/6747"}],"wp:attachment":[{"href":"https:\/\/kv-wadelheim.de\/index.php?rest_route=%2Fwp%2Fv2%2Fmedia&parent=162"}],"curies":[{"name":"wp","href":"https:\/\/api.w.org\/{rel}","templated":true}]}}

<a href="https://kv-wadelheim.de/wp-content/uploads/2025/01/Elferrat-2025-scaled.jpg"  target="_self" itemprop="url">
				<img loading="lazy" decoding="async" src="https://kv-wadelheim.de/wp-content/uploads/2026/01/Elferrat-2026-1-1024x835.jpg" alt="Elferrat 2026" itemprop="image" height="701" width="860" title="Elferrat 2026" onerror="this.style.display='none'" loading="lazy" />
				</a>
	<p><strong>Die Elferratsdamen des KVW in der Session 2025/2026:</strong></p>
<h6>Monika Gref von Harteneck, Silvia Kortkamp, Pia Kröplin, Anne Kröplin, Bianca Strotmann, Kim Kröplin, Ramona Schulte-Klümper, Eileen Klümper</h6>
<p>&nbsp;</p>
<p>Bereits bei der Vereinsgründung im Jahr 1970 wurde ein Elferrat für den KVW ausgewählt. War es damals noch ein reiner Männerelfrrat existiert nun bereits seit einigen Jahrzehnten ein reiner Damenelferrat in Wadelheim. Neu formiert hat sich unser Damenelferrat im Jahr 2017. Er setzt sich aus Damen der Altersklassen 21 bis 67 zusammen und verkörpert somit einen Großteil der Mitglieder des KVW.</p>
<p>Bezeichnend für das familiäre Miteinander im Verein ist die Tatsache, dass erheblich viele Töchter ihre Mütter in dieser Position „beerbt&#8220; haben und somit eine traditionelle Institution innerhalb des KV Wadelheim weiterleben lassen.</p>
<p>Der Damenelferrat trifft sich ab September/Oktober in regelmäßigen Abständen zur Vorbesprechung der nächsten Session.</p>
<p>Der Damenelferrat wünscht sich für die Zukunft ein weiterhin so harmonisches Miteinander im KVW wie bisher und noch viele Jahre Spaß und Vergnügen bei den Sitzungen.</p>

<p>Die Elferratsdamen des KVW in der Session 2025/2026: Monika Gref von Harteneck, Silvia Kortkamp, Pia Kröplin, Anne Kröplin, Bianca Strotmann, Kim Kröplin, Ramona Schulte-Klümper, Eileen Klümper &nbsp; Bereits bei der Vereinsgründung im Jahr 1970 wurde ein Elferrat für den KVW ausgewählt. War es damals noch ein reiner Männerelfrrat existiert nun bereits seit einigen Jahrzehnten ein reiner Damenelferrat in Wadelheim. Neu</p>
