{"id":146,"date":"2019-05-10T20:46:13","date_gmt":"2019-05-10T18:46:13","guid":{"rendered":"https:\/\/kv-wadelheim.de\/?page_id=146"},"modified":"2024-12-02T11:52:15","modified_gmt":"2024-12-02T10:52:15","slug":"ehrenmitglieder","status":"publish","type":"page","link":"https:\/\/kv-wadelheim.de\/?page_id=146","title":{"rendered":"Ehrenmitglieder"},"content":{"rendered":"\n\n\t<p><strong>Ehrenmitglieder unseres Vereins:<\/strong><\/p>\n<p>Ursula Kurk<\/p>\n<p>Wilfried Kurk<\/p>\n<p>Monika Niemeier<\/p>\n<p>Marianne P\u00f6ttering<\/p>\n<p>Gerda Suers<\/p>\n<p>&nbsp;<\/p>\n<p>&nbsp;<\/p>\n<p><strong>Vorstorbene Ehrenmitglieder:<\/strong><\/p>\n<p>Willi Eden <em>(Ehrenpr\u00e4sident)<\/em><\/p>\n<p>Jupp Elbers <em>(Ehrenpr\u00e4sident)<\/em><\/p>\n<p>&nbsp;<\/p>\n<p>Maria Eden<\/p>\n<p>Anni Heeke<\/p>\n<p>Bernhard Heilemann<\/p>\n<p>Hermann Herbers<\/p>\n<p>Franz Plagemann<\/p>\n<p>Albert Rauen<\/p>\n<p>Bernhard Rauen<\/p>\n<p>Otto Renger<\/p>\n<p>Georg Willers<\/p>\n\n","protected":false},"excerpt":{"rendered":"<p>Ehrenmitglieder unseres Vereins: Ursula Kurk Wilfried Kurk Monika Niemeier Marianne P\u00f6ttering Gerda Suers &nbsp; &nbsp; Vorstorbene Ehrenmitglieder: Willi Eden (Ehrenpr\u00e4sident) Jupp Elbers (Ehrenpr\u00e4sident) &nbsp; Maria Eden Anni Heeke Bernhard Heilemann Hermann Herbers Franz Plagemann Albert Rauen Bernhard Rauen Otto Renger Georg Willers<\/p>\n","protected":false},"author":1,"featured_media":0,"parent":0,"menu_order":0,"comment_status":"closed","ping_status":"closed","template":"","meta":{"ngg_post_thumbnail":0,"footnotes":""},"class_list":["post-146","page","type-page","status-publish","hentry"],"_links":{"self":[{"href":"https:\/\/kv-wadelheim.de\/index.php?rest_route=\/wp\/v2\/pages\/146","targetHints":{"allow":["GET"]}}],"collection":[{"href":"https:\/\/kv-wadelheim.de\/index.php?rest_route=\/wp\/v2\/pages"}],"about":[{"href":"https:\/\/kv-wadelheim.de\/index.php?rest_route=\/wp\/v2\/types\/page"}],"author":[{"embeddable":true,"href":"https:\/\/kv-wadelheim.de\/index.php?rest_route=\/wp\/v2\/users\/1"}],"replies":[{"embeddable":true,"href":"https:\/\/kv-wadelheim.de\/index.php?rest_route=%2Fwp%2Fv2%2Fcomments&post=146"}],"version-history":[{"count":6,"href":"https:\/\/kv-wadelheim.de\/index.php?rest_route=\/wp\/v2\/pages\/146\/revisions"}],"predecessor-version":[{"id":5323,"href":"https:\/\/kv-wadelheim.de\/index.php?rest_route=\/wp\/v2\/pages\/146\/revisions\/5323"}],"wp:attachment":[{"href":"https:\/\/kv-wadelheim.de\/index.php?rest_route=%2Fwp%2Fv2%2Fmedia&parent=146"}],"curies":[{"name":"wp","href":"https:\/\/api.w.org\/{rel}","templated":true}]}}

<p><strong>Ehrenmitglieder unseres Vereins:</strong></p>
<p>Ursula Kurk</p>
<p>Wilfried Kurk</p>
<p>Monika Niemeier</p>
<p>Marianne Pöttering</p>
<p>Gerda Suers</p>
<p>&nbsp;</p>
<p>&nbsp;</p>
<p><strong>Vorstorbene Ehrenmitglieder:</strong></p>
<p>Willi Eden <em>(Ehrenpräsident)</em></p>
<p>Jupp Elbers <em>(Ehrenpräsident)</em></p>
<p>&nbsp;</p>
<p>Maria Eden</p>
<p>Anni Heeke</p>
<p>Bernhard Heilemann</p>
<p>Hermann Herbers</p>
<p>Franz Plagemann</p>
<p>Albert Rauen</p>
<p>Bernhard Rauen</p>
<p>Otto Renger</p>
<p>Georg Willers</p>

<p>Ehrenmitglieder unseres Vereins: Ursula Kurk Wilfried Kurk Monika Niemeier Marianne Pöttering Gerda Suers &nbsp; &nbsp; Vorstorbene Ehrenmitglieder: Willi Eden (Ehrenpräsident) Jupp Elbers (Ehrenpräsident) &nbsp; Maria Eden Anni Heeke Bernhard Heilemann Hermann Herbers Franz Plagemann Albert Rauen Bernhard Rauen Otto Renger Georg Willers</p>
