{"id":1005,"date":"2019-06-01T16:20:56","date_gmt":"2019-06-01T14:20:56","guid":{"rendered":"https:\/\/kv-wadelheim.de\/?page_id=1005"},"modified":"2019-06-15T12:38:59","modified_gmt":"2019-06-15T10:38:59","slug":"session-2007-2008-copy-copy-copy-copy-copy-copy-copy-copy","status":"publish","type":"page","link":"https:\/\/kv-wadelheim.de\/?page_id=1005","title":{"rendered":"Session 2015\/2016"},"content":{"rendered":"\n\t\t\t\t<a href=\"https:\/\/kv-wadelheim.de\/?page_id=994\" target=\"_self\" itemprop=\"url\" rel=\"noopener noreferrer\">\n\t\t\t\t<img fetchpriority=\"high\" decoding=\"async\" src=\"https:\/\/kv-wadelheim.de\/wp-content\/uploads\/2019\/06\/Drachenfest2016_Deckblatt.jpg\" alt=\"Drachenfest2016_Deckblatt\" itemprop=\"image\" height=\"638\" width=\"850\" title=\"Drachenfest2016_Deckblatt\" onerror=\"this.style.display='none'\"  \/>\n\t\t\t\t<\/a>\n\t<strong>10. Drachenfest auf der H\u00fcnenborg<br \/>\n<\/strong>\n<em>25. September 2016<br \/>\n<\/em>\n<p><em>\u00a0<\/em><\/p>\n\t\t\t\t<a href=\"https:\/\/kv-wadelheim.de\/?page_id=993\" target=\"_self\" itemprop=\"url\" rel=\"noopener noreferrer\">\n\t\t\t\t<img decoding=\"async\" src=\"https:\/\/kv-wadelheim.de\/wp-content\/uploads\/2019\/06\/Sopmmerfest2016_Deckblatt.jpg\" alt=\"Sopmmerfest2016_Deckblatt\" itemprop=\"image\" height=\"900\" width=\"1200\" title=\"Sopmmerfest2016_Deckblatt\" onerror=\"this.style.display='none'\"  \/>\n\t\t\t\t<\/a>\n\t<strong>Sommerfest<br \/>\n<\/strong>\n<em>4. Juni 2016<br \/>\n<\/em>\n<p><em>\u00a0<\/em><\/p>\n\t\t\t\t<a href=\"https:\/\/goo.gl\/photos\/uUG4v1yTKBX7qZWz5\" target=\"_blank\" rel=\"noopener noreferrer\"  itemprop=\"url\">\n\t\t\t\t<img decoding=\"async\" src=\"https:\/\/kv-wadelheim.de\/wp-content\/uploads\/2019\/06\/zubesuchbei16-1.jpg\" alt=\"zubesuchbei16\" itemprop=\"image\" height=\"218\" width=\"179\" title=\"zubesuchbei16\" onerror=\"this.style.display='none'\"  \/>\n\t\t\t\t<\/a>\n\t<strong>Zu Besuch bei &#8230;. 2015\/2016<br \/>\n<\/strong>\n<p><em>fortlaufend<\/em><\/p>\n\t\t\t\t<a href=\"https:\/\/kv-wadelheim.de\/?page_id=992\" target=\"_self\" itemprop=\"url\" rel=\"noopener noreferrer\">\n\t\t\t\t<img loading=\"lazy\" decoding=\"async\" src=\"https:\/\/kv-wadelheim.de\/wp-content\/uploads\/2019\/06\/Rosenmontag2016.jpg\" alt=\"Rosenmontag2016\" itemprop=\"image\" height=\"220\" width=\"293\" title=\"Rosenmontag2016\" onerror=\"this.style.display='none'\"  \/>\n\t\t\t\t<\/a>\n\t<p><strong>Rosenmontagsumzug<\/strong><\/p>\n<p><em>8<\/em><em>. Februar 2016<\/em><\/p>\n\t\t\t\t<a href=\"https:\/\/kv-wadelheim.de\/?page_id=991\" target=\"_self\" itemprop=\"url\" rel=\"noopener noreferrer\">\n\t\t\t\t<img loading=\"lazy\" decoding=\"async\" src=\"https:\/\/kv-wadelheim.de\/wp-content\/uploads\/2019\/06\/Wurstessen2016-1.jpg\" alt=\"????????????????????????????????????\" itemprop=\"image\" height=\"220\" width=\"331\" title=\"Wurstessen2016\" onerror=\"this.style.display='none'\"  \/>\n\t\t\t\t<\/a>\n\t<strong>Lustiger Tanzabend<br \/>\n<\/strong>\n<em>6. Februar 2016<br \/>\n<\/em>\n\t\t\t\t<a href=\"https:\/\/kv-wadelheim.de\/?page_id=990\" target=\"_self\" itemprop=\"url\" rel=\"noopener noreferrer\">\n\t\t\t\t<img loading=\"lazy\" decoding=\"async\" src=\"https:\/\/kv-wadelheim.de\/wp-content\/uploads\/2019\/06\/Kartoffelschaelen2016.jpg\" alt=\"????????????????????????????????????\" itemprop=\"image\" height=\"220\" width=\"331\" title=\"Kartoffelschaelen2016\" onerror=\"this.style.display='none'\"  \/>\n\t\t\t\t<\/a>\n\t<p><strong>Kartoffelsch\u00e4len<\/strong><\/p>\n<p><em>5. Februar 2016<\/em><\/p>\n\t\t\t\t<a href=\"https:\/\/kv-wadelheim.de\/?page_id=668\" target=\"_self\" itemprop=\"url\" rel=\"noopener noreferrer\">\n\t\t\t\t<img loading=\"lazy\" decoding=\"async\" src=\"https:\/\/kv-wadelheim.de\/wp-content\/uploads\/2019\/06\/Kinderkarneval2016.jpg\" alt=\"Kinderkarneval2016\" itemprop=\"image\" height=\"220\" width=\"330\" title=\"Kinderkarneval2016\" onerror=\"this.style.display='none'\"  \/>\n\t\t\t\t<\/a>\n\t<p><strong>Kinderkarneval<\/strong><\/p>\n<p><em>31. Januar 2016<\/em><\/p>\n\t\t\t\t<a href=\"https:\/\/kv-wadelheim.de\/?page_id=989\" target=\"_self\" itemprop=\"url\" rel=\"noopener noreferrer\">\n\t\t\t\t<img loading=\"lazy\" decoding=\"async\" src=\"https:\/\/kv-wadelheim.de\/wp-content\/uploads\/2019\/06\/Wagenbau2016-1.jpg\" alt=\"????????????????????????????????????\" itemprop=\"image\" height=\"220\" width=\"331\" title=\"Wagenbau2016\" onerror=\"this.style.display='none'\"  \/>\n\t\t\t\t<\/a>\n\t<p><strong>Wagenbau<\/strong><\/p>\n<p><em>fortlaufend<\/em><\/p>\n\t\t\t\t<a href=\"https:\/\/kv-wadelheim.de\/?page_id=525\" target=\"_self\" itemprop=\"url\" rel=\"noopener noreferrer\">\n\t\t\t\t<img loading=\"lazy\" decoding=\"async\" src=\"https:\/\/kv-wadelheim.de\/wp-content\/uploads\/2019\/06\/Fruehschoppen2016.jpg\" alt=\"????????????????????????????????????\" itemprop=\"image\" height=\"220\" width=\"331\" title=\"Fruehschoppen2016\" onerror=\"this.style.display='none'\"  \/>\n\t\t\t\t<\/a>\n\t<p><strong>Prinzenfr\u00fchschoppen<\/strong><\/p>\n<em>10. Januar 2016<br \/>\n<\/em>\n\t\t\t\t<a href=\"https:\/\/kv-wadelheim.de\/?page_id=496\" target=\"_self\" itemprop=\"url\" rel=\"noopener noreferrer\">\n\t\t\t\t<img loading=\"lazy\" decoding=\"async\" src=\"https:\/\/kv-wadelheim.de\/wp-content\/uploads\/2019\/06\/Proklamation2016.jpg\" alt=\"????????????????????????????????????\" itemprop=\"image\" height=\"220\" width=\"331\" title=\"Proklamation2016\" onerror=\"this.style.display='none'\"  \/>\n\t\t\t\t<\/a>\n\t<p><strong>Prinzenproklamation<\/strong><\/p>\n<em>9. Januar 2016<br \/>\n<\/em>\n\t\t\t\t<a href=\"https:\/\/kv-wadelheim.de\/?page_id=617\" target=\"_self\" itemprop=\"url\" rel=\"noopener noreferrer\">\n\t\t\t\t<img loading=\"lazy\" decoding=\"async\" src=\"https:\/\/kv-wadelheim.de\/wp-content\/uploads\/2019\/06\/BKC2015.jpg\" alt=\"????????????????????????????????????\" itemprop=\"image\" height=\"218\" width=\"328\" title=\"BKC2015\" onerror=\"this.style.display='none'\"  \/>\n\t\t\t\t<\/a>\n\t<strong>61. Sessionser\u00f6ffnung in Bernburg<br \/>\n<\/strong>\n<em>13. &#8211; 15. November 2015<br \/>\n<\/em>\n","protected":false},"excerpt":{"rendered":"<p>10. Drachenfest auf der H\u00fcnenborg 25. September 2016 \u00a0 Sommerfest 4. Juni 2016 \u00a0 Zu Besuch bei &#8230;. 2015\/2016 fortlaufend Rosenmontagsumzug 8. Februar 2016 Lustiger Tanzabend 6. Februar 2016 Kartoffelsch\u00e4len 5. Februar 2016 Kinderkarneval 31. Januar 2016 Wagenbau fortlaufend Prinzenfr\u00fchschoppen 10. Januar 2016 Prinzenproklamation 9. Januar 2016 61. Sessionser\u00f6ffnung in Bernburg 13. &#8211; 15. November 2015<\/p>\n","protected":false},"author":1,"featured_media":0,"parent":0,"menu_order":0,"comment_status":"closed","ping_status":"closed","template":"","meta":{"ngg_post_thumbnail":0,"footnotes":""},"class_list":["post-1005","page","type-page","status-publish","hentry"],"_links":{"self":[{"href":"https:\/\/kv-wadelheim.de\/index.php?rest_route=\/wp\/v2\/pages\/1005","targetHints":{"allow":["GET"]}}],"collection":[{"href":"https:\/\/kv-wadelheim.de\/index.php?rest_route=\/wp\/v2\/pages"}],"about":[{"href":"https:\/\/kv-wadelheim.de\/index.php?rest_route=\/wp\/v2\/types\/page"}],"author":[{"embeddable":true,"href":"https:\/\/kv-wadelheim.de\/index.php?rest_route=\/wp\/v2\/users\/1"}],"replies":[{"embeddable":true,"href":"https:\/\/kv-wadelheim.de\/index.php?rest_route=%2Fwp%2Fv2%2Fcomments&post=1005"}],"version-history":[{"count":3,"href":"https:\/\/kv-wadelheim.de\/index.php?rest_route=\/wp\/v2\/pages\/1005\/revisions"}],"predecessor-version":[{"id":2209,"href":"https:\/\/kv-wadelheim.de\/index.php?rest_route=\/wp\/v2\/pages\/1005\/revisions\/2209"}],"wp:attachment":[{"href":"https:\/\/kv-wadelheim.de\/index.php?rest_route=%2Fwp%2Fv2%2Fmedia&parent=1005"}],"curies":[{"name":"wp","href":"https:\/\/api.w.org\/{rel}","templated":true}]}}

<a href="https://kv-wadelheim.de/?page_id=994" target="_self" itemprop="url" rel="noopener noreferrer">
				<img fetchpriority="high" decoding="async" src="https://kv-wadelheim.de/wp-content/uploads/2019/06/Drachenfest2016_Deckblatt.jpg" alt="Drachenfest2016_Deckblatt" itemprop="image" height="638" width="850" title="Drachenfest2016_Deckblatt" onerror="this.style.display='none'"  />
				</a>
	<strong>10. Drachenfest auf der Hünenborg<br />
</strong>
<em>25. September 2016<br />
</em>
<p><em> </em></p>
				<a href="https://kv-wadelheim.de/?page_id=993" target="_self" itemprop="url" rel="noopener noreferrer">
				<img decoding="async" src="https://kv-wadelheim.de/wp-content/uploads/2019/06/Sopmmerfest2016_Deckblatt.jpg" alt="Sopmmerfest2016_Deckblatt" itemprop="image" height="900" width="1200" title="Sopmmerfest2016_Deckblatt" onerror="this.style.display='none'"  />
				</a>
	<strong>Sommerfest<br />
</strong>
<em>4. Juni 2016<br />
</em>
<p><em> </em></p>
				<a href="https://goo.gl/photos/uUG4v1yTKBX7qZWz5" target="_blank" rel="noopener noreferrer"  itemprop="url">
				<img decoding="async" src="https://kv-wadelheim.de/wp-content/uploads/2019/06/zubesuchbei16-1.jpg" alt="zubesuchbei16" itemprop="image" height="218" width="179" title="zubesuchbei16" onerror="this.style.display='none'"  />
				</a>
	<strong>Zu Besuch bei &#8230;. 2015/2016<br />
</strong>
<p><em>fortlaufend</em></p>
				<a href="https://kv-wadelheim.de/?page_id=992" target="_self" itemprop="url" rel="noopener noreferrer">
				<img loading="lazy" decoding="async" src="https://kv-wadelheim.de/wp-content/uploads/2019/06/Rosenmontag2016.jpg" alt="Rosenmontag2016" itemprop="image" height="220" width="293" title="Rosenmontag2016" onerror="this.style.display='none'"  />
				</a>
	<p><strong>Rosenmontagsumzug</strong></p>
<p><em>8</em><em>. Februar 2016</em></p>
				<a href="https://kv-wadelheim.de/?page_id=991" target="_self" itemprop="url" rel="noopener noreferrer">
				<img loading="lazy" decoding="async" src="https://kv-wadelheim.de/wp-content/uploads/2019/06/Wurstessen2016-1.jpg" alt="????????????????????????????????????" itemprop="image" height="220" width="331" title="Wurstessen2016" onerror="this.style.display='none'"  />
				</a>
	<strong>Lustiger Tanzabend<br />
</strong>
<em>6. Februar 2016<br />
</em>
				<a href="https://kv-wadelheim.de/?page_id=990" target="_self" itemprop="url" rel="noopener noreferrer">
				<img loading="lazy" decoding="async" src="https://kv-wadelheim.de/wp-content/uploads/2019/06/Kartoffelschaelen2016.jpg" alt="????????????????????????????????????" itemprop="image" height="220" width="331" title="Kartoffelschaelen2016" onerror="this.style.display='none'"  />
				</a>
	<p><strong>Kartoffelschälen</strong></p>
<p><em>5. Februar 2016</em></p>
				<a href="https://kv-wadelheim.de/?page_id=668" target="_self" itemprop="url" rel="noopener noreferrer">
				<img loading="lazy" decoding="async" src="https://kv-wadelheim.de/wp-content/uploads/2019/06/Kinderkarneval2016.jpg" alt="Kinderkarneval2016" itemprop="image" height="220" width="330" title="Kinderkarneval2016" onerror="this.style.display='none'"  />
				</a>
	<p><strong>Kinderkarneval</strong></p>
<p><em>31. Januar 2016</em></p>
				<a href="https://kv-wadelheim.de/?page_id=989" target="_self" itemprop="url" rel="noopener noreferrer">
				<img loading="lazy" decoding="async" src="https://kv-wadelheim.de/wp-content/uploads/2019/06/Wagenbau2016-1.jpg" alt="????????????????????????????????????" itemprop="image" height="220" width="331" title="Wagenbau2016" onerror="this.style.display='none'"  />
				</a>
	<p><strong>Wagenbau</strong></p>
<p><em>fortlaufend</em></p>
				<a href="https://kv-wadelheim.de/?page_id=525" target="_self" itemprop="url" rel="noopener noreferrer">
				<img loading="lazy" decoding="async" src="https://kv-wadelheim.de/wp-content/uploads/2019/06/Fruehschoppen2016.jpg" alt="????????????????????????????????????" itemprop="image" height="220" width="331" title="Fruehschoppen2016" onerror="this.style.display='none'"  />
				</a>
	<p><strong>Prinzenfrühschoppen</strong></p>
<em>10. Januar 2016<br />
</em>
				<a href="https://kv-wadelheim.de/?page_id=496" target="_self" itemprop="url" rel="noopener noreferrer">
				<img loading="lazy" decoding="async" src="https://kv-wadelheim.de/wp-content/uploads/2019/06/Proklamation2016.jpg" alt="????????????????????????????????????" itemprop="image" height="220" width="331" title="Proklamation2016" onerror="this.style.display='none'"  />
				</a>
	<p><strong>Prinzenproklamation</strong></p>
<em>9. Januar 2016<br />
</em>
				<a href="https://kv-wadelheim.de/?page_id=617" target="_self" itemprop="url" rel="noopener noreferrer">
				<img loading="lazy" decoding="async" src="https://kv-wadelheim.de/wp-content/uploads/2019/06/BKC2015.jpg" alt="????????????????????????????????????" itemprop="image" height="218" width="328" title="BKC2015" onerror="this.style.display='none'"  />
				</a>
	<strong>61. Sessionseröffnung in Bernburg<br />
</strong>
<em>13. &#8211; 15. November 2015<br />
</em>

<p>10. Drachenfest auf der Hünenborg 25. September 2016   Sommerfest 4. Juni 2016   Zu Besuch bei &#8230;. 2015/2016 fortlaufend Rosenmontagsumzug 8. Februar 2016 Lustiger Tanzabend 6. Februar 2016 Kartoffelschälen 5. Februar 2016 Kinderkarneval 31. Januar 2016 Wagenbau fortlaufend Prinzenfrühschoppen 10. Januar 2016 Prinzenproklamation 9. Januar 2016 61. Sessionseröffnung in Bernburg 13. &#8211; 15. November 2015</p>
